{"id":125568,"date":"2026-03-30T14:33:25","date_gmt":"2026-03-30T14:33:25","guid":{"rendered":"https:\/\/www.touristshopyerseke.nl\/agenda\/gedenkfeier-handelsmarine-vlissingen\/"},"modified":"2026-03-30T14:33:25","modified_gmt":"2026-03-30T14:33:25","slug":"gedenkfeier-handelsmarine-vlissingen","status":"publish","type":"mec-events","link":"https:\/\/www.touristshopyerseke.nl\/de\/agenda\/gedenkfeier-handelsmarine-vlissingen\/","title":{"rendered":"Gedenkfeier Handelsmarine Vlissingen"},"content":{"rendered":"<div class=\"flex flex-col text-sm\">\n<section class=\"text-token-text-primary w-full focus:outline-none [--shadow-height:45px] has-data-writing-block:pointer-events-none has-data-writing-block:-mt-(--shadow-height) has-data-writing-block:pt-(--shadow-height) [&amp;:has([data-writing-block])&gt;*]:pointer-events-auto scroll-mt-[calc(var(--header-height)+min(200px,max(70px,20svh)))]\" dir=\"auto\" data-turn-id=\"request-69c64fde-2a3c-832a-933c-7ab9bf227a3e-10\" data-testid=\"conversation-turn-98\" data-scroll-anchor=\"true\" data-turn=\"assistant\">\n<div class=\"text-base my-auto mx-auto pb-10 [--thread-content-margin:var(--thread-content-margin-xs,calc(var(--spacing)*4))] @w-sm\/main:[--thread-content-margin:var(--thread-content-margin-sm,calc(var(--spacing)*6))] @w-lg\/main:[--thread-content-margin:var(--thread-content-margin-lg,calc(var(--spacing)*16))] px-(--thread-content-margin)\">\n<div class=\"[--thread-content-max-width:40rem] @w-lg\/main:[--thread-content-max-width:48rem] mx-auto max-w-(--thread-content-max-width) flex-1 group\/turn-messages focus-visible:outline-hidden relative flex w-full min-w-0 flex-col agent-turn\">\n<div class=\"flex max-w-full flex-col gap-4 grow\">\n<div class=\"min-h-8 text-message relative flex w-full flex-col items-end gap-2 text-start break-words whitespace-normal outline-none keyboard-focused:focus-ring [.text-message+&amp;]:mt-1\" dir=\"auto\" tabindex=\"0\" data-message-author-role=\"assistant\" data-message-id=\"194b2f94-a557-4c24-bcba-dc52163f4ffc\" data-message-model-slug=\"gpt-5-mini\" data-turn-start-message=\"true\">\n<div class=\"flex w-full flex-col gap-1 empty:hidden\">\n<div class=\"markdown prose dark:prose-invert w-full wrap-break-word light markdown-new-styling\">\n<p data-start=\"276\" data-end=\"453\">Am Samstag, den 31. Oktober 2026, wird der <span class=\"hover:entity-accent entity-underline inline cursor-pointer align-baseline\"><span class=\"whitespace-normal\">Boulevard Evertsen<\/span><\/span> unter <span class=\"hover:entity-accent entity-underline inline cursor-pointer align-baseline\"><span class=\"whitespace-normal\">Vlissingen<\/span><\/span> die j\u00e4hrliche <strong data-start=\"409\" data-end=\"445\">Gedenkfeier der Handelsmarine 1940-1945<\/strong> statt.<\/p>\n<p data-start=\"455\" data-end=\"642\">Diese feierliche Gedenkfeier wird organisiert von der <span class=\"hover:entity-accent entity-underline inline cursor-pointer align-baseline\"><span class=\"whitespace-normal\">Stiftung f\u00fcr das Personal der Handelsmarine 1940-1945<\/span><\/span> und erinnert an die wichtige Rolle der Handelsschifffahrt w\u00e4hrend des Zweiten Weltkriegs.<\/p>\n<p data-start=\"644\" data-end=\"844\">Die Zeremonie wird an die Opfer und das Engagement der Angeh\u00f6rigen der Handelsmarine in Kriegszeiten erinnern. Als Zeichen des Respekts und des Gedenkens wird im Namen von Maritime Family Contact ein Kranz niedergelegt. <\/p>\n<p data-start=\"846\" data-end=\"975\">Die Gedenkfeier findet zwischen 10.30 und 11.30 Uhr statt und ist ein Moment des Nachdenkens, der Anerkennung und der Verbindung mit der Vergangenheit.<\/p>\n<\/div>\n<\/div>\n<\/div>\n<\/div>\n<div class=\"z-0 flex min-h-[46px] justify-start\"><\/div>\n<\/div>\n<\/div>\n<\/section>\n<\/div>\n","protected":false},"excerpt":{"rendered":"<p>Am Samstag, den 31. Oktober 2026, wird der Boulevard Evertsen unter Vlissingen die j\u00e4hrliche Gedenkfeier der Handelsmarine 1940-1945 statt. Diese feierliche Gedenkfeier wird organisiert von der Stiftung f\u00fcr das Personal der Handelsmarine 1940-1945 und erinnert an die wichtige Rolle der Handelsschifffahrt w\u00e4hrend des Zweiten Weltkriegs. Die Zeremonie wird an die Opfer und das Engagement der [&hellip;]<\/p>\n","protected":false},"author":5,"featured_media":125567,"comment_status":"open","ping_status":"closed","template":"","tags":[],"mec_category":[],"class_list":["post-125568","mec-events","type-mec-events","status-publish","has-post-thumbnail","hentry"],"acf":[],"yoast_head":"<!-- This site is optimized with the Yoast SEO plugin v27.2 - https:\/\/yoast.com\/product\/yoast-seo-wordpress\/ -->\n<title>Gedenkfeier Handelsmarine Vlissingen - Tourist Shop Yerseke<\/title>\n<meta name=\"description\" content=\"Gedenkfeier Merchant Shipping Vlissingen 2026 am 31. Oktober auf dem Boulevard Evertsen mit Kranzniederlegung und W\u00fcrdigung der Handelsmarine im Zweiten Weltkrieg.\" \/>\n<meta name=\"robots\" content=\"index, follow, max-snippet:-1, max-image-preview:large, max-video-preview:-1\" \/>\n<link rel=\"canonical\" href=\"https:\/\/www.touristshopyerseke.nl\/de\/agenda\/gedenkfeier-handelsmarine-vlissingen\/\" \/>\n<meta property=\"og:locale\" content=\"de_DE\" \/>\n<meta property=\"og:type\" content=\"article\" \/>\n<meta property=\"og:title\" content=\"Gedenkfeier Handelsmarine Vlissingen - Tourist Shop Yerseke\" \/>\n<meta property=\"og:description\" content=\"Gedenkfeier Merchant Shipping Vlissingen 2026 am 31. Oktober auf dem Boulevard Evertsen mit Kranzniederlegung und W\u00fcrdigung der Handelsmarine im Zweiten Weltkrieg.\" \/>\n<meta property=\"og:url\" content=\"https:\/\/www.touristshopyerseke.nl\/de\/agenda\/gedenkfeier-handelsmarine-vlissingen\/\" \/>\n<meta property=\"og:site_name\" content=\"Tourist Shop Yerseke\" \/>\n<meta property=\"og:image\" content=\"https:\/\/www.touristshopyerseke.nl\/wp-content\/uploads\/2026\/03\/0128d7bc.jpg\" \/>\n\t<meta property=\"og:image:width\" content=\"385\" \/>\n\t<meta property=\"og:image:height\" content=\"255\" \/>\n\t<meta property=\"og:image:type\" content=\"image\/jpeg\" \/>\n<meta name=\"twitter:card\" content=\"summary_large_image\" \/>\n<meta name=\"twitter:label1\" content=\"Gesch\u00e4tzte Lesezeit\" \/>\n\t<meta name=\"twitter:data1\" content=\"1\u00a0Minute\" \/>\n<script type=\"application\/ld+json\" class=\"yoast-schema-graph\">{\"@context\":\"https:\/\/schema.org\",\"@graph\":[{\"@type\":\"WebPage\",\"@id\":\"https:\/\/www.touristshopyerseke.nl\/de\/agenda\/gedenkfeier-handelsmarine-vlissingen\/\",\"url\":\"https:\/\/www.touristshopyerseke.nl\/de\/agenda\/gedenkfeier-handelsmarine-vlissingen\/\",\"name\":\"Gedenkfeier Handelsmarine Vlissingen - Tourist Shop Yerseke\",\"isPartOf\":{\"@id\":\"https:\/\/www.touristshopyerseke.nl\/de\/#website\"},\"primaryImageOfPage\":{\"@id\":\"https:\/\/www.touristshopyerseke.nl\/de\/agenda\/gedenkfeier-handelsmarine-vlissingen\/#primaryimage\"},\"image\":{\"@id\":\"https:\/\/www.touristshopyerseke.nl\/de\/agenda\/gedenkfeier-handelsmarine-vlissingen\/#primaryimage\"},\"thumbnailUrl\":\"https:\/\/www.touristshopyerseke.nl\/wp-content\/uploads\/2026\/03\/0128d7bc.jpg\",\"datePublished\":\"2026-03-30T14:33:25+00:00\",\"description\":\"Gedenkfeier Merchant Shipping Vlissingen 2026 am 31. Oktober auf dem Boulevard Evertsen mit Kranzniederlegung und W\u00fcrdigung der Handelsmarine im Zweiten Weltkrieg.\",\"breadcrumb\":{\"@id\":\"https:\/\/www.touristshopyerseke.nl\/de\/agenda\/gedenkfeier-handelsmarine-vlissingen\/#breadcrumb\"},\"inLanguage\":\"de\",\"potentialAction\":[{\"@type\":\"ReadAction\",\"target\":[\"https:\/\/www.touristshopyerseke.nl\/de\/agenda\/gedenkfeier-handelsmarine-vlissingen\/\"]}]},{\"@type\":\"ImageObject\",\"inLanguage\":\"de\",\"@id\":\"https:\/\/www.touristshopyerseke.nl\/de\/agenda\/gedenkfeier-handelsmarine-vlissingen\/#primaryimage\",\"url\":\"https:\/\/www.touristshopyerseke.nl\/wp-content\/uploads\/2026\/03\/0128d7bc.jpg\",\"contentUrl\":\"https:\/\/www.touristshopyerseke.nl\/wp-content\/uploads\/2026\/03\/0128d7bc.jpg\",\"width\":385,\"height\":255,\"caption\":\"Herdenking Koopvaardij Vlissingen\"},{\"@type\":\"BreadcrumbList\",\"@id\":\"https:\/\/www.touristshopyerseke.nl\/de\/agenda\/gedenkfeier-handelsmarine-vlissingen\/#breadcrumb\",\"itemListElement\":[{\"@type\":\"ListItem\",\"position\":1,\"name\":\"Home\",\"item\":\"https:\/\/www.touristshopyerseke.nl\/de\/\"},{\"@type\":\"ListItem\",\"position\":2,\"name\":\"Veranstaltungen\",\"item\":\"https:\/\/www.touristshopyerseke.nl\/de\/agenda\/\"},{\"@type\":\"ListItem\",\"position\":3,\"name\":\"Gedenkfeier Handelsmarine Vlissingen\"}]},{\"@type\":\"WebSite\",\"@id\":\"https:\/\/www.touristshopyerseke.nl\/de\/#website\",\"url\":\"https:\/\/www.touristshopyerseke.nl\/de\/\",\"name\":\"Tourist Shop Yerseke\",\"description\":\"\",\"potentialAction\":[{\"@type\":\"SearchAction\",\"target\":{\"@type\":\"EntryPoint\",\"urlTemplate\":\"https:\/\/www.touristshopyerseke.nl\/de\/?s={search_term_string}\"},\"query-input\":{\"@type\":\"PropertyValueSpecification\",\"valueRequired\":true,\"valueName\":\"search_term_string\"}}],\"inLanguage\":\"de\"}]}<\/script>\n<!-- \/ Yoast SEO plugin. -->","yoast_head_json":{"title":"Gedenkfeier Handelsmarine Vlissingen - Tourist Shop Yerseke","description":"Gedenkfeier Merchant Shipping Vlissingen 2026 am 31. Oktober auf dem Boulevard Evertsen mit Kranzniederlegung und W\u00fcrdigung der Handelsmarine im Zweiten Weltkrieg.","robots":{"index":"index","follow":"follow","max-snippet":"max-snippet:-1","max-image-preview":"max-image-preview:large","max-video-preview":"max-video-preview:-1"},"canonical":"https:\/\/www.touristshopyerseke.nl\/de\/agenda\/gedenkfeier-handelsmarine-vlissingen\/","og_locale":"de_DE","og_type":"article","og_title":"Gedenkfeier Handelsmarine Vlissingen - Tourist Shop Yerseke","og_description":"Gedenkfeier Merchant Shipping Vlissingen 2026 am 31. Oktober auf dem Boulevard Evertsen mit Kranzniederlegung und W\u00fcrdigung der Handelsmarine im Zweiten Weltkrieg.","og_url":"https:\/\/www.touristshopyerseke.nl\/de\/agenda\/gedenkfeier-handelsmarine-vlissingen\/","og_site_name":"Tourist Shop Yerseke","og_image":[{"width":385,"height":255,"url":"https:\/\/www.touristshopyerseke.nl\/wp-content\/uploads\/2026\/03\/0128d7bc.jpg","type":"image\/jpeg"}],"twitter_card":"summary_large_image","twitter_misc":{"Gesch\u00e4tzte Lesezeit":"1\u00a0Minute"},"schema":{"@context":"https:\/\/schema.org","@graph":[{"@type":"WebPage","@id":"https:\/\/www.touristshopyerseke.nl\/de\/agenda\/gedenkfeier-handelsmarine-vlissingen\/","url":"https:\/\/www.touristshopyerseke.nl\/de\/agenda\/gedenkfeier-handelsmarine-vlissingen\/","name":"Gedenkfeier Handelsmarine Vlissingen - Tourist Shop Yerseke","isPartOf":{"@id":"https:\/\/www.touristshopyerseke.nl\/de\/#website"},"primaryImageOfPage":{"@id":"https:\/\/www.touristshopyerseke.nl\/de\/agenda\/gedenkfeier-handelsmarine-vlissingen\/#primaryimage"},"image":{"@id":"https:\/\/www.touristshopyerseke.nl\/de\/agenda\/gedenkfeier-handelsmarine-vlissingen\/#primaryimage"},"thumbnailUrl":"https:\/\/www.touristshopyerseke.nl\/wp-content\/uploads\/2026\/03\/0128d7bc.jpg","datePublished":"2026-03-30T14:33:25+00:00","description":"Gedenkfeier Merchant Shipping Vlissingen 2026 am 31. Oktober auf dem Boulevard Evertsen mit Kranzniederlegung und W\u00fcrdigung der Handelsmarine im Zweiten Weltkrieg.","breadcrumb":{"@id":"https:\/\/www.touristshopyerseke.nl\/de\/agenda\/gedenkfeier-handelsmarine-vlissingen\/#breadcrumb"},"inLanguage":"de","potentialAction":[{"@type":"ReadAction","target":["https:\/\/www.touristshopyerseke.nl\/de\/agenda\/gedenkfeier-handelsmarine-vlissingen\/"]}]},{"@type":"ImageObject","inLanguage":"de","@id":"https:\/\/www.touristshopyerseke.nl\/de\/agenda\/gedenkfeier-handelsmarine-vlissingen\/#primaryimage","url":"https:\/\/www.touristshopyerseke.nl\/wp-content\/uploads\/2026\/03\/0128d7bc.jpg","contentUrl":"https:\/\/www.touristshopyerseke.nl\/wp-content\/uploads\/2026\/03\/0128d7bc.jpg","width":385,"height":255,"caption":"Herdenking Koopvaardij Vlissingen"},{"@type":"BreadcrumbList","@id":"https:\/\/www.touristshopyerseke.nl\/de\/agenda\/gedenkfeier-handelsmarine-vlissingen\/#breadcrumb","itemListElement":[{"@type":"ListItem","position":1,"name":"Home","item":"https:\/\/www.touristshopyerseke.nl\/de\/"},{"@type":"ListItem","position":2,"name":"Veranstaltungen","item":"https:\/\/www.touristshopyerseke.nl\/de\/agenda\/"},{"@type":"ListItem","position":3,"name":"Gedenkfeier Handelsmarine Vlissingen"}]},{"@type":"WebSite","@id":"https:\/\/www.touristshopyerseke.nl\/de\/#website","url":"https:\/\/www.touristshopyerseke.nl\/de\/","name":"Tourist Shop Yerseke","description":"","potentialAction":[{"@type":"SearchAction","target":{"@type":"EntryPoint","urlTemplate":"https:\/\/www.touristshopyerseke.nl\/de\/?s={search_term_string}"},"query-input":{"@type":"PropertyValueSpecification","valueRequired":true,"valueName":"search_term_string"}}],"inLanguage":"de"}]}},"_links":{"self":[{"href":"https:\/\/www.touristshopyerseke.nl\/de\/wp-json\/wp\/v2\/mec-events\/125568","targetHints":{"allow":["GET"]}}],"collection":[{"href":"https:\/\/www.touristshopyerseke.nl\/de\/wp-json\/wp\/v2\/mec-events"}],"about":[{"href":"https:\/\/www.touristshopyerseke.nl\/de\/wp-json\/wp\/v2\/types\/mec-events"}],"author":[{"embeddable":true,"href":"https:\/\/www.touristshopyerseke.nl\/de\/wp-json\/wp\/v2\/users\/5"}],"replies":[{"embeddable":true,"href":"https:\/\/www.touristshopyerseke.nl\/de\/wp-json\/wp\/v2\/comments?post=125568"}],"wp:featuredmedia":[{"embeddable":true,"href":"https:\/\/www.touristshopyerseke.nl\/de\/wp-json\/wp\/v2\/media\/125567"}],"wp:attachment":[{"href":"https:\/\/www.touristshopyerseke.nl\/de\/wp-json\/wp\/v2\/media?parent=125568"}],"wp:term":[{"taxonomy":"post_tag","embeddable":true,"href":"https:\/\/www.touristshopyerseke.nl\/de\/wp-json\/wp\/v2\/tags?post=125568"},{"taxonomy":"mec_category","embeddable":true,"href":"https:\/\/www.touristshopyerseke.nl\/de\/wp-json\/wp\/v2\/mec_category?post=125568"}],"curies":[{"name":"wp","href":"https:\/\/api.w.org\/{rel}","templated":true}]}}

<div class="flex flex-col text-sm">
<section class="text-token-text-primary w-full focus:outline-none [--shadow-height:45px] has-data-writing-block:pointer-events-none has-data-writing-block:-mt-(--shadow-height) has-data-writing-block:pt-(--shadow-height) [&amp;:has([data-writing-block])&gt;*]:pointer-events-auto scroll-mt-[calc(var(--header-height)+min(200px,max(70px,20svh)))]" dir="auto" data-turn-id="request-69c64fde-2a3c-832a-933c-7ab9bf227a3e-10" data-testid="conversation-turn-98" data-scroll-anchor="true" data-turn="assistant">
<div class="text-base my-auto mx-auto pb-10 [--thread-content-margin:var(--thread-content-margin-xs,calc(var(--spacing)*4))] @w-sm/main:[--thread-content-margin:var(--thread-content-margin-sm,calc(var(--spacing)*6))] @w-lg/main:[--thread-content-margin:var(--thread-content-margin-lg,calc(var(--spacing)*16))] px-(--thread-content-margin)">
<div class="[--thread-content-max-width:40rem] @w-lg/main:[--thread-content-max-width:48rem] mx-auto max-w-(--thread-content-max-width) flex-1 group/turn-messages focus-visible:outline-hidden relative flex w-full min-w-0 flex-col agent-turn">
<div class="flex max-w-full flex-col gap-4 grow">
<div class="min-h-8 text-message relative flex w-full flex-col items-end gap-2 text-start break-words whitespace-normal outline-none keyboard-focused:focus-ring [.text-message+&amp;]:mt-1" dir="auto" tabindex="0" data-message-author-role="assistant" data-message-id="194b2f94-a557-4c24-bcba-dc52163f4ffc" data-message-model-slug="gpt-5-mini" data-turn-start-message="true">
<div class="flex w-full flex-col gap-1 empty:hidden">
<div class="markdown prose dark:prose-invert w-full wrap-break-word light markdown-new-styling">
<p data-start="276" data-end="453">Am Samstag, den 31. Oktober 2026, wird der <span class="hover:entity-accent entity-underline inline cursor-pointer align-baseline"><span class="whitespace-normal">Boulevard Evertsen</span></span> unter <span class="hover:entity-accent entity-underline inline cursor-pointer align-baseline"><span class="whitespace-normal">Vlissingen</span></span> die jährliche <strong data-start="409" data-end="445">Gedenkfeier der Handelsmarine 1940-1945</strong> statt.</p>
<p data-start="455" data-end="642">Diese feierliche Gedenkfeier wird organisiert von der <span class="hover:entity-accent entity-underline inline cursor-pointer align-baseline"><span class="whitespace-normal">Stiftung für das Personal der Handelsmarine 1940-1945</span></span> und erinnert an die wichtige Rolle der Handelsschifffahrt während des Zweiten Weltkriegs.</p>
<p data-start="644" data-end="844">Die Zeremonie wird an die Opfer und das Engagement der Angehörigen der Handelsmarine in Kriegszeiten erinnern. Als Zeichen des Respekts und des Gedenkens wird im Namen von Maritime Family Contact ein Kranz niedergelegt. </p>
<p data-start="846" data-end="975">Die Gedenkfeier findet zwischen 10.30 und 11.30 Uhr statt und ist ein Moment des Nachdenkens, der Anerkennung und der Verbindung mit der Vergangenheit.</p>
</div>
</div>
</div>
</div>
<div class="z-0 flex min-h-[46px] justify-start"></div>
</div>
</div>
</section>
</div>

<p>Am Samstag, den 31. Oktober 2026, wird der Boulevard Evertsen unter Vlissingen die jährliche Gedenkfeier der Handelsmarine 1940-1945 statt. Diese feierliche Gedenkfeier wird organisiert von der Stiftung für das Personal der Handelsmarine 1940-1945 und erinnert an die wichtige Rolle der Handelsschifffahrt während des Zweiten Weltkriegs. Die Zeremonie wird an die Opfer und das Engagement der [&hellip;]</p>

<!-- This site is optimized with the Yoast SEO plugin v27.2 - https://yoast.com/product/yoast-seo-wordpress/ -->
<title>Gedenkfeier Handelsmarine Vlissingen - Tourist Shop Yerseke</title>
<meta name="description" content="Gedenkfeier Merchant Shipping Vlissingen 2026 am 31. Oktober auf dem Boulevard Evertsen mit Kranzniederlegung und Würdigung der Handelsmarine im Zweiten Weltkrieg." />
<meta name="robots" content="index, follow, max-snippet:-1, max-image-preview:large, max-video-preview:-1" />
<link rel="canonical" href="https://www.touristshopyerseke.nl/de/agenda/gedenkfeier-handelsmarine-vlissingen/" />
<meta property="og:locale" content="de_DE" />
<meta property="og:type" content="article" />
<meta property="og:title" content="Gedenkfeier Handelsmarine Vlissingen - Tourist Shop Yerseke" />
<meta property="og:description" content="Gedenkfeier Merchant Shipping Vlissingen 2026 am 31. Oktober auf dem Boulevard Evertsen mit Kranzniederlegung und Würdigung der Handelsmarine im Zweiten Weltkrieg." />
<meta property="og:url" content="https://www.touristshopyerseke.nl/de/agenda/gedenkfeier-handelsmarine-vlissingen/" />
<meta property="og:site_name" content="Tourist Shop Yerseke" />
<meta property="og:image" content="https://www.touristshopyerseke.nl/wp-content/uploads/2026/03/0128d7bc.jpg" />
	<meta property="og:image:width" content="385" />
	<meta property="og:image:height" content="255" />
	<meta property="og:image:type" content="image/jpeg" />
<meta name="twitter:card" content="summary_large_image" />
<meta name="twitter:label1" content="Geschätzte Lesezeit" />
	<meta name="twitter:data1" content="1 Minute" />
<script type="application/ld+json" class="yoast-schema-graph">{"@context":"https://schema.org","@graph":[{"@type":"WebPage","@id":"https://www.touristshopyerseke.nl/de/agenda/gedenkfeier-handelsmarine-vlissingen/","url":"https://www.touristshopyerseke.nl/de/agenda/gedenkfeier-handelsmarine-vlissingen/","name":"Gedenkfeier Handelsmarine Vlissingen - Tourist Shop Yerseke","isPartOf":{"@id":"https://www.touristshopyerseke.nl/de/#website"},"primaryImageOfPage":{"@id":"https://www.touristshopyerseke.nl/de/agenda/gedenkfeier-handelsmarine-vlissingen/#primaryimage"},"image":{"@id":"https://www.touristshopyerseke.nl/de/agenda/gedenkfeier-handelsmarine-vlissingen/#primaryimage"},"thumbnailUrl":"https://www.touristshopyerseke.nl/wp-content/uploads/2026/03/0128d7bc.jpg","datePublished":"2026-03-30T14:33:25+00:00","description":"Gedenkfeier Merchant Shipping Vlissingen 2026 am 31. Oktober auf dem Boulevard Evertsen mit Kranzniederlegung und Würdigung der Handelsmarine im Zweiten Weltkrieg.","breadcrumb":{"@id":"https://www.touristshopyerseke.nl/de/agenda/gedenkfeier-handelsmarine-vlissingen/#breadcrumb"},"inLanguage":"de","potentialAction":[{"@type":"ReadAction","target":["https://www.touristshopyerseke.nl/de/agenda/gedenkfeier-handelsmarine-vlissingen/"]}]},{"@type":"ImageObject","inLanguage":"de","@id":"https://www.touristshopyerseke.nl/de/agenda/gedenkfeier-handelsmarine-vlissingen/#primaryimage","url":"https://www.touristshopyerseke.nl/wp-content/uploads/2026/03/0128d7bc.jpg","contentUrl":"https://www.touristshopyerseke.nl/wp-content/uploads/2026/03/0128d7bc.jpg","width":385,"height":255,"caption":"Herdenking Koopvaardij Vlissingen"},{"@type":"BreadcrumbList","@id":"https://www.touristshopyerseke.nl/de/agenda/gedenkfeier-handelsmarine-vlissingen/#breadcrumb","itemListElement":[{"@type":"ListItem","position":1,"name":"Home","item":"https://www.touristshopyerseke.nl/de/"},{"@type":"ListItem","position":2,"name":"Veranstaltungen","item":"https://www.touristshopyerseke.nl/de/agenda/"},{"@type":"ListItem","position":3,"name":"Gedenkfeier Handelsmarine Vlissingen"}]},{"@type":"WebSite","@id":"https://www.touristshopyerseke.nl/de/#website","url":"https://www.touristshopyerseke.nl/de/","name":"Tourist Shop Yerseke","description":"","potentialAction":[{"@type":"SearchAction","target":{"@type":"EntryPoint","urlTemplate":"https://www.touristshopyerseke.nl/de/?s={search_term_string}"},"query-input":{"@type":"PropertyValueSpecification","valueRequired":true,"valueName":"search_term_string"}}],"inLanguage":"de"}]}</script>
<!-- / Yoast SEO plugin. -->

Gedenkfeier Merchant Shipping Vlissingen 2026 am 31. Oktober auf dem Boulevard Evertsen mit Kranzniederlegung und Würdigung der Handelsmarine im Zweiten Weltkrieg.
