{"id":125512,"date":"2026-03-27T14:45:05","date_gmt":"2026-03-27T14:45:05","guid":{"rendered":"https:\/\/www.touristshopyerseke.nl\/agenda\/hafentage-zierikzee\/"},"modified":"2026-03-27T14:45:05","modified_gmt":"2026-03-27T14:45:05","slug":"hafentage-zierikzee","status":"publish","type":"mec-events","link":"https:\/\/www.touristshopyerseke.nl\/de\/agenda\/hafentage-zierikzee\/","title":{"rendered":"Hafentage Zierikzee"},"content":{"rendered":"<div class=\"flex flex-col text-sm pb-25\">\n<section class=\"text-token-text-primary w-full focus:outline-none [--shadow-height:45px] has-data-writing-block:pointer-events-none has-data-writing-block:-mt-(--shadow-height) has-data-writing-block:pt-(--shadow-height) [&amp;:has([data-writing-block])&gt;*]:pointer-events-auto scroll-mt-[calc(var(--header-height)+min(200px,max(70px,20svh)))]\" dir=\"auto\" data-turn-id=\"request-69c64fde-2a3c-832a-933c-7ab9bf227a3e-10\" data-testid=\"conversation-turn-74\" data-scroll-anchor=\"true\" data-turn=\"assistant\">\n<div class=\"text-base my-auto mx-auto pb-10 [--thread-content-margin:var(--thread-content-margin-xs,calc(var(--spacing)*4))] @w-sm\/main:[--thread-content-margin:var(--thread-content-margin-sm,calc(var(--spacing)*6))] @w-lg\/main:[--thread-content-margin:var(--thread-content-margin-lg,calc(var(--spacing)*16))] px-(--thread-content-margin)\">\n<div class=\"[--thread-content-max-width:40rem] @w-lg\/main:[--thread-content-max-width:48rem] mx-auto max-w-(--thread-content-max-width) flex-1 group\/turn-messages focus-visible:outline-hidden relative flex w-full min-w-0 flex-col agent-turn\">\n<div class=\"flex max-w-full flex-col gap-4 grow\">\n<div class=\"min-h-8 text-message relative flex w-full flex-col items-end gap-2 text-start break-words whitespace-normal outline-none keyboard-focused:focus-ring [.text-message+&amp;]:mt-1\" dir=\"auto\" tabindex=\"0\" data-message-author-role=\"assistant\" data-message-id=\"b758a459-85aa-440e-b65f-999066102282\" data-message-model-slug=\"gpt-5-mini\" data-turn-start-message=\"true\">\n<div class=\"flex w-full flex-col gap-1 empty:hidden\">\n<div class=\"markdown prose dark:prose-invert w-full wrap-break-word light markdown-new-styling\">\n<p data-start=\"248\" data-end=\"391\">Vom 20. bis 22. August 2026 wird der Hafen von <span class=\"hover:entity-accent entity-underline inline cursor-pointer align-baseline\"><span class=\"whitespace-normal\">Zierikzee<\/span><\/span> ganz im Zeichen der <span class=\"hover:entity-accent entity-underline inline cursor-pointer align-baseline\"><span class=\"whitespace-normal\">Zierikzee Hafentage<\/span><\/span>.<\/p>\n<p data-start=\"393\" data-end=\"596\">W\u00e4hrend dieses gem\u00fctlichen Hafenfestes gibt es drei Tage lang viel zu tun f\u00fcr Jung und Alt. Das Programm ist voll von Musik, Aktivit\u00e4ten und maritimen Traditionen und zeigt das Hafenleben hautnah. <\/p>\n<p data-start=\"598\" data-end=\"831\">Die Besucher k\u00f6nnen unter anderem den Muschelziehwettbewerb, Bugsprietrennen, Kinderaktivit\u00e4ten und verschiedene Auff\u00fchrungen entlang des Kais genie\u00dfen. Die Kombination aus Atmosph\u00e4re, Wasser und Geselligkeit macht diese Veranstaltung jedes Jahr zu etwas Besonderem. <\/p>\n<p data-start=\"833\" data-end=\"955\">Die <span class=\"hover:entity-accent entity-underline inline cursor-pointer align-baseline\"><span class=\"whitespace-normal\">Hafentage Zierikzee<\/span><\/span> ist die Zeit, in der das Leben in der Stadt pulsiert und sich die Traditionen im Hafen treffen.<\/p>\n<\/div>\n<\/div>\n<\/div>\n<\/div>\n<div class=\"z-0 flex min-h-[46px] justify-start\"><\/div>\n<\/div>\n<\/div>\n<\/section>\n<\/div>\n","protected":false},"excerpt":{"rendered":"<p>Vom 20. bis 22. August 2026 wird der Hafen von Zierikzee ganz im Zeichen der Zierikzee Hafentage. W\u00e4hrend dieses gem\u00fctlichen Hafenfestes gibt es drei Tage lang viel zu tun f\u00fcr Jung und Alt. Das Programm ist voll von Musik, Aktivit\u00e4ten und maritimen Traditionen und zeigt das Hafenleben hautnah. Die Besucher k\u00f6nnen unter anderem den Muschelziehwettbewerb, [&hellip;]<\/p>\n","protected":false},"author":5,"featured_media":125511,"comment_status":"open","ping_status":"closed","template":"","tags":[],"mec_category":[],"class_list":["post-125512","mec-events","type-mec-events","status-publish","has-post-thumbnail","hentry"],"acf":[],"yoast_head":"<!-- This site is optimized with the Yoast SEO plugin v27.2 - https:\/\/yoast.com\/product\/yoast-seo-wordpress\/ -->\n<title>Hafentage Zierikzee - Tourist Shop Yerseke<\/title>\n<meta name=\"description\" content=\"Havendagen Zierikzee 2026 vom 20. bis 22. August mit Musik, Traditionen, Aktivit\u00e4ten f\u00fcr Kinder und maritimen Veranstaltungen im Hafen.\" \/>\n<meta name=\"robots\" content=\"index, follow, max-snippet:-1, max-image-preview:large, max-video-preview:-1\" \/>\n<link rel=\"canonical\" href=\"https:\/\/www.touristshopyerseke.nl\/de\/agenda\/hafentage-zierikzee\/\" \/>\n<meta property=\"og:locale\" content=\"de_DE\" \/>\n<meta property=\"og:type\" content=\"article\" \/>\n<meta property=\"og:title\" content=\"Hafentage Zierikzee - Tourist Shop Yerseke\" \/>\n<meta property=\"og:description\" content=\"Havendagen Zierikzee 2026 vom 20. bis 22. August mit Musik, Traditionen, Aktivit\u00e4ten f\u00fcr Kinder und maritimen Veranstaltungen im Hafen.\" \/>\n<meta property=\"og:url\" content=\"https:\/\/www.touristshopyerseke.nl\/de\/agenda\/hafentage-zierikzee\/\" \/>\n<meta property=\"og:site_name\" content=\"Tourist Shop Yerseke\" \/>\n<meta property=\"og:image\" content=\"https:\/\/www.touristshopyerseke.nl\/wp-content\/uploads\/2026\/03\/APK0161_0-8d9a1170.jpeg\" \/>\n\t<meta property=\"og:image:width\" content=\"575\" \/>\n\t<meta property=\"og:image:height\" content=\"400\" \/>\n\t<meta property=\"og:image:type\" content=\"image\/jpeg\" \/>\n<meta name=\"twitter:card\" content=\"summary_large_image\" \/>\n<meta name=\"twitter:label1\" content=\"Gesch\u00e4tzte Lesezeit\" \/>\n\t<meta name=\"twitter:data1\" content=\"1\u00a0Minute\" \/>\n<script type=\"application\/ld+json\" class=\"yoast-schema-graph\">{\"@context\":\"https:\/\/schema.org\",\"@graph\":[{\"@type\":\"WebPage\",\"@id\":\"https:\/\/www.touristshopyerseke.nl\/de\/agenda\/hafentage-zierikzee\/\",\"url\":\"https:\/\/www.touristshopyerseke.nl\/de\/agenda\/hafentage-zierikzee\/\",\"name\":\"Hafentage Zierikzee - Tourist Shop Yerseke\",\"isPartOf\":{\"@id\":\"https:\/\/www.touristshopyerseke.nl\/de\/#website\"},\"primaryImageOfPage\":{\"@id\":\"https:\/\/www.touristshopyerseke.nl\/de\/agenda\/hafentage-zierikzee\/#primaryimage\"},\"image\":{\"@id\":\"https:\/\/www.touristshopyerseke.nl\/de\/agenda\/hafentage-zierikzee\/#primaryimage\"},\"thumbnailUrl\":\"https:\/\/www.touristshopyerseke.nl\/wp-content\/uploads\/2026\/03\/APK0161_0-8d9a1170.jpeg\",\"datePublished\":\"2026-03-27T14:45:05+00:00\",\"description\":\"Havendagen Zierikzee 2026 vom 20. bis 22. August mit Musik, Traditionen, Aktivit\u00e4ten f\u00fcr Kinder und maritimen Veranstaltungen im Hafen.\",\"breadcrumb\":{\"@id\":\"https:\/\/www.touristshopyerseke.nl\/de\/agenda\/hafentage-zierikzee\/#breadcrumb\"},\"inLanguage\":\"de\",\"potentialAction\":[{\"@type\":\"ReadAction\",\"target\":[\"https:\/\/www.touristshopyerseke.nl\/de\/agenda\/hafentage-zierikzee\/\"]}]},{\"@type\":\"ImageObject\",\"inLanguage\":\"de\",\"@id\":\"https:\/\/www.touristshopyerseke.nl\/de\/agenda\/hafentage-zierikzee\/#primaryimage\",\"url\":\"https:\/\/www.touristshopyerseke.nl\/wp-content\/uploads\/2026\/03\/APK0161_0-8d9a1170.jpeg\",\"contentUrl\":\"https:\/\/www.touristshopyerseke.nl\/wp-content\/uploads\/2026\/03\/APK0161_0-8d9a1170.jpeg\",\"width\":575,\"height\":400,\"caption\":\"Havendagen Zierikzee\"},{\"@type\":\"BreadcrumbList\",\"@id\":\"https:\/\/www.touristshopyerseke.nl\/de\/agenda\/hafentage-zierikzee\/#breadcrumb\",\"itemListElement\":[{\"@type\":\"ListItem\",\"position\":1,\"name\":\"Home\",\"item\":\"https:\/\/www.touristshopyerseke.nl\/de\/\"},{\"@type\":\"ListItem\",\"position\":2,\"name\":\"Veranstaltungen\",\"item\":\"https:\/\/www.touristshopyerseke.nl\/de\/agenda\/\"},{\"@type\":\"ListItem\",\"position\":3,\"name\":\"Hafentage Zierikzee\"}]},{\"@type\":\"WebSite\",\"@id\":\"https:\/\/www.touristshopyerseke.nl\/de\/#website\",\"url\":\"https:\/\/www.touristshopyerseke.nl\/de\/\",\"name\":\"Tourist Shop Yerseke\",\"description\":\"\",\"potentialAction\":[{\"@type\":\"SearchAction\",\"target\":{\"@type\":\"EntryPoint\",\"urlTemplate\":\"https:\/\/www.touristshopyerseke.nl\/de\/?s={search_term_string}\"},\"query-input\":{\"@type\":\"PropertyValueSpecification\",\"valueRequired\":true,\"valueName\":\"search_term_string\"}}],\"inLanguage\":\"de\"}]}<\/script>\n<!-- \/ Yoast SEO plugin. -->","yoast_head_json":{"title":"Hafentage Zierikzee - Tourist Shop Yerseke","description":"Havendagen Zierikzee 2026 vom 20. bis 22. August mit Musik, Traditionen, Aktivit\u00e4ten f\u00fcr Kinder und maritimen Veranstaltungen im Hafen.","robots":{"index":"index","follow":"follow","max-snippet":"max-snippet:-1","max-image-preview":"max-image-preview:large","max-video-preview":"max-video-preview:-1"},"canonical":"https:\/\/www.touristshopyerseke.nl\/de\/agenda\/hafentage-zierikzee\/","og_locale":"de_DE","og_type":"article","og_title":"Hafentage Zierikzee - Tourist Shop Yerseke","og_description":"Havendagen Zierikzee 2026 vom 20. bis 22. August mit Musik, Traditionen, Aktivit\u00e4ten f\u00fcr Kinder und maritimen Veranstaltungen im Hafen.","og_url":"https:\/\/www.touristshopyerseke.nl\/de\/agenda\/hafentage-zierikzee\/","og_site_name":"Tourist Shop Yerseke","og_image":[{"width":575,"height":400,"url":"https:\/\/www.touristshopyerseke.nl\/wp-content\/uploads\/2026\/03\/APK0161_0-8d9a1170.jpeg","type":"image\/jpeg"}],"twitter_card":"summary_large_image","twitter_misc":{"Gesch\u00e4tzte Lesezeit":"1\u00a0Minute"},"schema":{"@context":"https:\/\/schema.org","@graph":[{"@type":"WebPage","@id":"https:\/\/www.touristshopyerseke.nl\/de\/agenda\/hafentage-zierikzee\/","url":"https:\/\/www.touristshopyerseke.nl\/de\/agenda\/hafentage-zierikzee\/","name":"Hafentage Zierikzee - Tourist Shop Yerseke","isPartOf":{"@id":"https:\/\/www.touristshopyerseke.nl\/de\/#website"},"primaryImageOfPage":{"@id":"https:\/\/www.touristshopyerseke.nl\/de\/agenda\/hafentage-zierikzee\/#primaryimage"},"image":{"@id":"https:\/\/www.touristshopyerseke.nl\/de\/agenda\/hafentage-zierikzee\/#primaryimage"},"thumbnailUrl":"https:\/\/www.touristshopyerseke.nl\/wp-content\/uploads\/2026\/03\/APK0161_0-8d9a1170.jpeg","datePublished":"2026-03-27T14:45:05+00:00","description":"Havendagen Zierikzee 2026 vom 20. bis 22. August mit Musik, Traditionen, Aktivit\u00e4ten f\u00fcr Kinder und maritimen Veranstaltungen im Hafen.","breadcrumb":{"@id":"https:\/\/www.touristshopyerseke.nl\/de\/agenda\/hafentage-zierikzee\/#breadcrumb"},"inLanguage":"de","potentialAction":[{"@type":"ReadAction","target":["https:\/\/www.touristshopyerseke.nl\/de\/agenda\/hafentage-zierikzee\/"]}]},{"@type":"ImageObject","inLanguage":"de","@id":"https:\/\/www.touristshopyerseke.nl\/de\/agenda\/hafentage-zierikzee\/#primaryimage","url":"https:\/\/www.touristshopyerseke.nl\/wp-content\/uploads\/2026\/03\/APK0161_0-8d9a1170.jpeg","contentUrl":"https:\/\/www.touristshopyerseke.nl\/wp-content\/uploads\/2026\/03\/APK0161_0-8d9a1170.jpeg","width":575,"height":400,"caption":"Havendagen Zierikzee"},{"@type":"BreadcrumbList","@id":"https:\/\/www.touristshopyerseke.nl\/de\/agenda\/hafentage-zierikzee\/#breadcrumb","itemListElement":[{"@type":"ListItem","position":1,"name":"Home","item":"https:\/\/www.touristshopyerseke.nl\/de\/"},{"@type":"ListItem","position":2,"name":"Veranstaltungen","item":"https:\/\/www.touristshopyerseke.nl\/de\/agenda\/"},{"@type":"ListItem","position":3,"name":"Hafentage Zierikzee"}]},{"@type":"WebSite","@id":"https:\/\/www.touristshopyerseke.nl\/de\/#website","url":"https:\/\/www.touristshopyerseke.nl\/de\/","name":"Tourist Shop Yerseke","description":"","potentialAction":[{"@type":"SearchAction","target":{"@type":"EntryPoint","urlTemplate":"https:\/\/www.touristshopyerseke.nl\/de\/?s={search_term_string}"},"query-input":{"@type":"PropertyValueSpecification","valueRequired":true,"valueName":"search_term_string"}}],"inLanguage":"de"}]}},"_links":{"self":[{"href":"https:\/\/www.touristshopyerseke.nl\/de\/wp-json\/wp\/v2\/mec-events\/125512","targetHints":{"allow":["GET"]}}],"collection":[{"href":"https:\/\/www.touristshopyerseke.nl\/de\/wp-json\/wp\/v2\/mec-events"}],"about":[{"href":"https:\/\/www.touristshopyerseke.nl\/de\/wp-json\/wp\/v2\/types\/mec-events"}],"author":[{"embeddable":true,"href":"https:\/\/www.touristshopyerseke.nl\/de\/wp-json\/wp\/v2\/users\/5"}],"replies":[{"embeddable":true,"href":"https:\/\/www.touristshopyerseke.nl\/de\/wp-json\/wp\/v2\/comments?post=125512"}],"wp:featuredmedia":[{"embeddable":true,"href":"https:\/\/www.touristshopyerseke.nl\/de\/wp-json\/wp\/v2\/media\/125511"}],"wp:attachment":[{"href":"https:\/\/www.touristshopyerseke.nl\/de\/wp-json\/wp\/v2\/media?parent=125512"}],"wp:term":[{"taxonomy":"post_tag","embeddable":true,"href":"https:\/\/www.touristshopyerseke.nl\/de\/wp-json\/wp\/v2\/tags?post=125512"},{"taxonomy":"mec_category","embeddable":true,"href":"https:\/\/www.touristshopyerseke.nl\/de\/wp-json\/wp\/v2\/mec_category?post=125512"}],"curies":[{"name":"wp","href":"https:\/\/api.w.org\/{rel}","templated":true}]}}

<div class="flex flex-col text-sm pb-25">
<section class="text-token-text-primary w-full focus:outline-none [--shadow-height:45px] has-data-writing-block:pointer-events-none has-data-writing-block:-mt-(--shadow-height) has-data-writing-block:pt-(--shadow-height) [&amp;:has([data-writing-block])&gt;*]:pointer-events-auto scroll-mt-[calc(var(--header-height)+min(200px,max(70px,20svh)))]" dir="auto" data-turn-id="request-69c64fde-2a3c-832a-933c-7ab9bf227a3e-10" data-testid="conversation-turn-74" data-scroll-anchor="true" data-turn="assistant">
<div class="text-base my-auto mx-auto pb-10 [--thread-content-margin:var(--thread-content-margin-xs,calc(var(--spacing)*4))] @w-sm/main:[--thread-content-margin:var(--thread-content-margin-sm,calc(var(--spacing)*6))] @w-lg/main:[--thread-content-margin:var(--thread-content-margin-lg,calc(var(--spacing)*16))] px-(--thread-content-margin)">
<div class="[--thread-content-max-width:40rem] @w-lg/main:[--thread-content-max-width:48rem] mx-auto max-w-(--thread-content-max-width) flex-1 group/turn-messages focus-visible:outline-hidden relative flex w-full min-w-0 flex-col agent-turn">
<div class="flex max-w-full flex-col gap-4 grow">
<div class="min-h-8 text-message relative flex w-full flex-col items-end gap-2 text-start break-words whitespace-normal outline-none keyboard-focused:focus-ring [.text-message+&amp;]:mt-1" dir="auto" tabindex="0" data-message-author-role="assistant" data-message-id="b758a459-85aa-440e-b65f-999066102282" data-message-model-slug="gpt-5-mini" data-turn-start-message="true">
<div class="flex w-full flex-col gap-1 empty:hidden">
<div class="markdown prose dark:prose-invert w-full wrap-break-word light markdown-new-styling">
<p data-start="248" data-end="391">Vom 20. bis 22. August 2026 wird der Hafen von <span class="hover:entity-accent entity-underline inline cursor-pointer align-baseline"><span class="whitespace-normal">Zierikzee</span></span> ganz im Zeichen der <span class="hover:entity-accent entity-underline inline cursor-pointer align-baseline"><span class="whitespace-normal">Zierikzee Hafentage</span></span>.</p>
<p data-start="393" data-end="596">Während dieses gemütlichen Hafenfestes gibt es drei Tage lang viel zu tun für Jung und Alt. Das Programm ist voll von Musik, Aktivitäten und maritimen Traditionen und zeigt das Hafenleben hautnah. </p>
<p data-start="598" data-end="831">Die Besucher können unter anderem den Muschelziehwettbewerb, Bugsprietrennen, Kinderaktivitäten und verschiedene Aufführungen entlang des Kais genießen. Die Kombination aus Atmosphäre, Wasser und Geselligkeit macht diese Veranstaltung jedes Jahr zu etwas Besonderem. </p>
<p data-start="833" data-end="955">Die <span class="hover:entity-accent entity-underline inline cursor-pointer align-baseline"><span class="whitespace-normal">Hafentage Zierikzee</span></span> ist die Zeit, in der das Leben in der Stadt pulsiert und sich die Traditionen im Hafen treffen.</p>
</div>
</div>
</div>
</div>
<div class="z-0 flex min-h-[46px] justify-start"></div>
</div>
</div>
</section>
</div>

<p>Vom 20. bis 22. August 2026 wird der Hafen von Zierikzee ganz im Zeichen der Zierikzee Hafentage. Während dieses gemütlichen Hafenfestes gibt es drei Tage lang viel zu tun für Jung und Alt. Das Programm ist voll von Musik, Aktivitäten und maritimen Traditionen und zeigt das Hafenleben hautnah. Die Besucher können unter anderem den Muschelziehwettbewerb, [&hellip;]</p>

<!-- This site is optimized with the Yoast SEO plugin v27.2 - https://yoast.com/product/yoast-seo-wordpress/ -->
<title>Hafentage Zierikzee - Tourist Shop Yerseke</title>
<meta name="description" content="Havendagen Zierikzee 2026 vom 20. bis 22. August mit Musik, Traditionen, Aktivitäten für Kinder und maritimen Veranstaltungen im Hafen." />
<meta name="robots" content="index, follow, max-snippet:-1, max-image-preview:large, max-video-preview:-1" />
<link rel="canonical" href="https://www.touristshopyerseke.nl/de/agenda/hafentage-zierikzee/" />
<meta property="og:locale" content="de_DE" />
<meta property="og:type" content="article" />
<meta property="og:title" content="Hafentage Zierikzee - Tourist Shop Yerseke" />
<meta property="og:description" content="Havendagen Zierikzee 2026 vom 20. bis 22. August mit Musik, Traditionen, Aktivitäten für Kinder und maritimen Veranstaltungen im Hafen." />
<meta property="og:url" content="https://www.touristshopyerseke.nl/de/agenda/hafentage-zierikzee/" />
<meta property="og:site_name" content="Tourist Shop Yerseke" />
<meta property="og:image" content="https://www.touristshopyerseke.nl/wp-content/uploads/2026/03/APK0161_0-8d9a1170.jpeg" />
	<meta property="og:image:width" content="575" />
	<meta property="og:image:height" content="400" />
	<meta property="og:image:type" content="image/jpeg" />
<meta name="twitter:card" content="summary_large_image" />
<meta name="twitter:label1" content="Geschätzte Lesezeit" />
	<meta name="twitter:data1" content="1 Minute" />
<script type="application/ld+json" class="yoast-schema-graph">{"@context":"https://schema.org","@graph":[{"@type":"WebPage","@id":"https://www.touristshopyerseke.nl/de/agenda/hafentage-zierikzee/","url":"https://www.touristshopyerseke.nl/de/agenda/hafentage-zierikzee/","name":"Hafentage Zierikzee - Tourist Shop Yerseke","isPartOf":{"@id":"https://www.touristshopyerseke.nl/de/#website"},"primaryImageOfPage":{"@id":"https://www.touristshopyerseke.nl/de/agenda/hafentage-zierikzee/#primaryimage"},"image":{"@id":"https://www.touristshopyerseke.nl/de/agenda/hafentage-zierikzee/#primaryimage"},"thumbnailUrl":"https://www.touristshopyerseke.nl/wp-content/uploads/2026/03/APK0161_0-8d9a1170.jpeg","datePublished":"2026-03-27T14:45:05+00:00","description":"Havendagen Zierikzee 2026 vom 20. bis 22. August mit Musik, Traditionen, Aktivitäten für Kinder und maritimen Veranstaltungen im Hafen.","breadcrumb":{"@id":"https://www.touristshopyerseke.nl/de/agenda/hafentage-zierikzee/#breadcrumb"},"inLanguage":"de","potentialAction":[{"@type":"ReadAction","target":["https://www.touristshopyerseke.nl/de/agenda/hafentage-zierikzee/"]}]},{"@type":"ImageObject","inLanguage":"de","@id":"https://www.touristshopyerseke.nl/de/agenda/hafentage-zierikzee/#primaryimage","url":"https://www.touristshopyerseke.nl/wp-content/uploads/2026/03/APK0161_0-8d9a1170.jpeg","contentUrl":"https://www.touristshopyerseke.nl/wp-content/uploads/2026/03/APK0161_0-8d9a1170.jpeg","width":575,"height":400,"caption":"Havendagen Zierikzee"},{"@type":"BreadcrumbList","@id":"https://www.touristshopyerseke.nl/de/agenda/hafentage-zierikzee/#breadcrumb","itemListElement":[{"@type":"ListItem","position":1,"name":"Home","item":"https://www.touristshopyerseke.nl/de/"},{"@type":"ListItem","position":2,"name":"Veranstaltungen","item":"https://www.touristshopyerseke.nl/de/agenda/"},{"@type":"ListItem","position":3,"name":"Hafentage Zierikzee"}]},{"@type":"WebSite","@id":"https://www.touristshopyerseke.nl/de/#website","url":"https://www.touristshopyerseke.nl/de/","name":"Tourist Shop Yerseke","description":"","potentialAction":[{"@type":"SearchAction","target":{"@type":"EntryPoint","urlTemplate":"https://www.touristshopyerseke.nl/de/?s={search_term_string}"},"query-input":{"@type":"PropertyValueSpecification","valueRequired":true,"valueName":"search_term_string"}}],"inLanguage":"de"}]}</script>
<!-- / Yoast SEO plugin. -->

Havendagen Zierikzee 2026 vom 20. bis 22. August mit Musik, Traditionen, Aktivitäten für Kinder und maritimen Veranstaltungen im Hafen.
