{"id":125487,"date":"2026-03-27T13:41:06","date_gmt":"2026-03-27T13:41:06","guid":{"rendered":"https:\/\/www.touristshopyerseke.nl\/agenda\/kamperland-tage\/"},"modified":"2026-03-27T13:41:06","modified_gmt":"2026-03-27T13:41:06","slug":"kamperland-tage","status":"publish","type":"mec-events","link":"https:\/\/www.touristshopyerseke.nl\/de\/agenda\/kamperland-tage\/","title":{"rendered":"Kamperland Tage"},"content":{"rendered":"<p data-start=\"235\" data-end=\"371\">Am Freitag, den 24. und Samstag, den 25. Juli 2026, findet das <span class=\"hover:entity-accent entity-underline inline cursor-pointer align-baseline\"><span class=\"whitespace-normal\">Kamperland<\/span><\/span> ganz im Zeichen der gem\u00fctlichen <strong data-start=\"348\" data-end=\"370\">Kamperland Tage<\/strong> stehen.<\/p>\n<p data-start=\"373\" data-end=\"590\">W\u00e4hrend dieses sommerlichen Dorffestes verwandelt sich das Zentrum in einen lebendigen Treffpunkt voller Atmosph\u00e4re und Aktivit\u00e4t. Besucher k\u00f6nnen einen Jahrmarkt, Musik und verschiedene Auff\u00fchrungen genie\u00dfen, die \u00fcber das ganze Dorf verteilt sind. <\/p>\n<p data-start=\"592\" data-end=\"822\">Neben dem Unterhaltungsprogramm wird es viel Platz geben, um an den St\u00e4nden entlang zu schlendern, lokale Produkte zu entdecken und gemeinsam die sommerliche Atmosph\u00e4re zu genie\u00dfen. Es gibt auch lustige Aktivit\u00e4ten f\u00fcr Kinder, so dass die ganze Familie Spa\u00df haben kann. <\/p>\n<p data-start=\"824\" data-end=\"928\">Kamperlandse Dagen garantiert Geselligkeit, Begegnungen und Sommervergn\u00fcgen an der K\u00fcste Zeelands.<\/p>\n","protected":false},"excerpt":{"rendered":"<p>Am Freitag, den 24. und Samstag, den 25. Juli 2026, findet das Kamperland ganz im Zeichen der gem\u00fctlichen Kamperland Tage stehen. W\u00e4hrend dieses sommerlichen Dorffestes verwandelt sich das Zentrum in einen lebendigen Treffpunkt voller Atmosph\u00e4re und Aktivit\u00e4t. Besucher k\u00f6nnen einen Jahrmarkt, Musik und verschiedene Auff\u00fchrungen genie\u00dfen, die \u00fcber das ganze Dorf verteilt sind. Neben dem [&hellip;]<\/p>\n","protected":false},"author":5,"featured_media":125486,"comment_status":"open","ping_status":"closed","template":"","tags":[],"mec_category":[],"class_list":["post-125487","mec-events","type-mec-events","status-publish","has-post-thumbnail","hentry"],"acf":[],"yoast_head":"<!-- This site is optimized with the Yoast SEO plugin v27.2 - https:\/\/yoast.com\/product\/yoast-seo-wordpress\/ -->\n<title>Kamperland Tage - Tourist Shop Yerseke<\/title>\n<meta name=\"description\" content=\"Kamperlandse Dagen 2026 am 24. und 25. Juli mit Jahrmarkt, Musik, Aktivit\u00e4ten und Sommerspa\u00df in Kamperland, Zeeland.\" \/>\n<meta name=\"robots\" content=\"index, follow, max-snippet:-1, max-image-preview:large, max-video-preview:-1\" \/>\n<link rel=\"canonical\" href=\"https:\/\/www.touristshopyerseke.nl\/de\/agenda\/kamperland-tage\/\" \/>\n<meta property=\"og:locale\" content=\"de_DE\" \/>\n<meta property=\"og:type\" content=\"article\" \/>\n<meta property=\"og:title\" content=\"Kamperland Tage - Tourist Shop Yerseke\" \/>\n<meta property=\"og:description\" content=\"Kamperlandse Dagen 2026 am 24. und 25. Juli mit Jahrmarkt, Musik, Aktivit\u00e4ten und Sommerspa\u00df in Kamperland, Zeeland.\" \/>\n<meta property=\"og:url\" content=\"https:\/\/www.touristshopyerseke.nl\/de\/agenda\/kamperland-tage\/\" \/>\n<meta property=\"og:site_name\" content=\"Tourist Shop Yerseke\" \/>\n<meta property=\"og:image\" content=\"https:\/\/www.touristshopyerseke.nl\/wp-content\/uploads\/2026\/03\/page4-1011-full.jpg\" \/>\n\t<meta property=\"og:image:width\" content=\"640\" \/>\n\t<meta property=\"og:image:height\" content=\"480\" \/>\n\t<meta property=\"og:image:type\" content=\"image\/jpeg\" \/>\n<meta name=\"twitter:card\" content=\"summary_large_image\" \/>\n<meta name=\"twitter:label1\" content=\"Gesch\u00e4tzte Lesezeit\" \/>\n\t<meta name=\"twitter:data1\" content=\"1\u00a0Minute\" \/>\n<script type=\"application\/ld+json\" class=\"yoast-schema-graph\">{\"@context\":\"https:\/\/schema.org\",\"@graph\":[{\"@type\":\"WebPage\",\"@id\":\"https:\/\/www.touristshopyerseke.nl\/de\/agenda\/kamperland-tage\/\",\"url\":\"https:\/\/www.touristshopyerseke.nl\/de\/agenda\/kamperland-tage\/\",\"name\":\"Kamperland Tage - Tourist Shop Yerseke\",\"isPartOf\":{\"@id\":\"https:\/\/www.touristshopyerseke.nl\/de\/#website\"},\"primaryImageOfPage\":{\"@id\":\"https:\/\/www.touristshopyerseke.nl\/de\/agenda\/kamperland-tage\/#primaryimage\"},\"image\":{\"@id\":\"https:\/\/www.touristshopyerseke.nl\/de\/agenda\/kamperland-tage\/#primaryimage\"},\"thumbnailUrl\":\"https:\/\/www.touristshopyerseke.nl\/wp-content\/uploads\/2026\/03\/page4-1011-full.jpg\",\"datePublished\":\"2026-03-27T13:41:06+00:00\",\"description\":\"Kamperlandse Dagen 2026 am 24. und 25. Juli mit Jahrmarkt, Musik, Aktivit\u00e4ten und Sommerspa\u00df in Kamperland, Zeeland.\",\"breadcrumb\":{\"@id\":\"https:\/\/www.touristshopyerseke.nl\/de\/agenda\/kamperland-tage\/#breadcrumb\"},\"inLanguage\":\"de\",\"potentialAction\":[{\"@type\":\"ReadAction\",\"target\":[\"https:\/\/www.touristshopyerseke.nl\/de\/agenda\/kamperland-tage\/\"]}]},{\"@type\":\"ImageObject\",\"inLanguage\":\"de\",\"@id\":\"https:\/\/www.touristshopyerseke.nl\/de\/agenda\/kamperland-tage\/#primaryimage\",\"url\":\"https:\/\/www.touristshopyerseke.nl\/wp-content\/uploads\/2026\/03\/page4-1011-full.jpg\",\"contentUrl\":\"https:\/\/www.touristshopyerseke.nl\/wp-content\/uploads\/2026\/03\/page4-1011-full.jpg\",\"width\":640,\"height\":480,\"caption\":\"Kamperlandse dagen 2026\"},{\"@type\":\"BreadcrumbList\",\"@id\":\"https:\/\/www.touristshopyerseke.nl\/de\/agenda\/kamperland-tage\/#breadcrumb\",\"itemListElement\":[{\"@type\":\"ListItem\",\"position\":1,\"name\":\"Home\",\"item\":\"https:\/\/www.touristshopyerseke.nl\/de\/\"},{\"@type\":\"ListItem\",\"position\":2,\"name\":\"Veranstaltungen\",\"item\":\"https:\/\/www.touristshopyerseke.nl\/de\/agenda\/\"},{\"@type\":\"ListItem\",\"position\":3,\"name\":\"Kamperland Tage\"}]},{\"@type\":\"WebSite\",\"@id\":\"https:\/\/www.touristshopyerseke.nl\/de\/#website\",\"url\":\"https:\/\/www.touristshopyerseke.nl\/de\/\",\"name\":\"Tourist Shop Yerseke\",\"description\":\"\",\"potentialAction\":[{\"@type\":\"SearchAction\",\"target\":{\"@type\":\"EntryPoint\",\"urlTemplate\":\"https:\/\/www.touristshopyerseke.nl\/de\/?s={search_term_string}\"},\"query-input\":{\"@type\":\"PropertyValueSpecification\",\"valueRequired\":true,\"valueName\":\"search_term_string\"}}],\"inLanguage\":\"de\"}]}<\/script>\n<!-- \/ Yoast SEO plugin. -->","yoast_head_json":{"title":"Kamperland Tage - Tourist Shop Yerseke","description":"Kamperlandse Dagen 2026 am 24. und 25. Juli mit Jahrmarkt, Musik, Aktivit\u00e4ten und Sommerspa\u00df in Kamperland, Zeeland.","robots":{"index":"index","follow":"follow","max-snippet":"max-snippet:-1","max-image-preview":"max-image-preview:large","max-video-preview":"max-video-preview:-1"},"canonical":"https:\/\/www.touristshopyerseke.nl\/de\/agenda\/kamperland-tage\/","og_locale":"de_DE","og_type":"article","og_title":"Kamperland Tage - Tourist Shop Yerseke","og_description":"Kamperlandse Dagen 2026 am 24. und 25. Juli mit Jahrmarkt, Musik, Aktivit\u00e4ten und Sommerspa\u00df in Kamperland, Zeeland.","og_url":"https:\/\/www.touristshopyerseke.nl\/de\/agenda\/kamperland-tage\/","og_site_name":"Tourist Shop Yerseke","og_image":[{"width":640,"height":480,"url":"https:\/\/www.touristshopyerseke.nl\/wp-content\/uploads\/2026\/03\/page4-1011-full.jpg","type":"image\/jpeg"}],"twitter_card":"summary_large_image","twitter_misc":{"Gesch\u00e4tzte Lesezeit":"1\u00a0Minute"},"schema":{"@context":"https:\/\/schema.org","@graph":[{"@type":"WebPage","@id":"https:\/\/www.touristshopyerseke.nl\/de\/agenda\/kamperland-tage\/","url":"https:\/\/www.touristshopyerseke.nl\/de\/agenda\/kamperland-tage\/","name":"Kamperland Tage - Tourist Shop Yerseke","isPartOf":{"@id":"https:\/\/www.touristshopyerseke.nl\/de\/#website"},"primaryImageOfPage":{"@id":"https:\/\/www.touristshopyerseke.nl\/de\/agenda\/kamperland-tage\/#primaryimage"},"image":{"@id":"https:\/\/www.touristshopyerseke.nl\/de\/agenda\/kamperland-tage\/#primaryimage"},"thumbnailUrl":"https:\/\/www.touristshopyerseke.nl\/wp-content\/uploads\/2026\/03\/page4-1011-full.jpg","datePublished":"2026-03-27T13:41:06+00:00","description":"Kamperlandse Dagen 2026 am 24. und 25. Juli mit Jahrmarkt, Musik, Aktivit\u00e4ten und Sommerspa\u00df in Kamperland, Zeeland.","breadcrumb":{"@id":"https:\/\/www.touristshopyerseke.nl\/de\/agenda\/kamperland-tage\/#breadcrumb"},"inLanguage":"de","potentialAction":[{"@type":"ReadAction","target":["https:\/\/www.touristshopyerseke.nl\/de\/agenda\/kamperland-tage\/"]}]},{"@type":"ImageObject","inLanguage":"de","@id":"https:\/\/www.touristshopyerseke.nl\/de\/agenda\/kamperland-tage\/#primaryimage","url":"https:\/\/www.touristshopyerseke.nl\/wp-content\/uploads\/2026\/03\/page4-1011-full.jpg","contentUrl":"https:\/\/www.touristshopyerseke.nl\/wp-content\/uploads\/2026\/03\/page4-1011-full.jpg","width":640,"height":480,"caption":"Kamperlandse dagen 2026"},{"@type":"BreadcrumbList","@id":"https:\/\/www.touristshopyerseke.nl\/de\/agenda\/kamperland-tage\/#breadcrumb","itemListElement":[{"@type":"ListItem","position":1,"name":"Home","item":"https:\/\/www.touristshopyerseke.nl\/de\/"},{"@type":"ListItem","position":2,"name":"Veranstaltungen","item":"https:\/\/www.touristshopyerseke.nl\/de\/agenda\/"},{"@type":"ListItem","position":3,"name":"Kamperland Tage"}]},{"@type":"WebSite","@id":"https:\/\/www.touristshopyerseke.nl\/de\/#website","url":"https:\/\/www.touristshopyerseke.nl\/de\/","name":"Tourist Shop Yerseke","description":"","potentialAction":[{"@type":"SearchAction","target":{"@type":"EntryPoint","urlTemplate":"https:\/\/www.touristshopyerseke.nl\/de\/?s={search_term_string}"},"query-input":{"@type":"PropertyValueSpecification","valueRequired":true,"valueName":"search_term_string"}}],"inLanguage":"de"}]}},"_links":{"self":[{"href":"https:\/\/www.touristshopyerseke.nl\/de\/wp-json\/wp\/v2\/mec-events\/125487","targetHints":{"allow":["GET"]}}],"collection":[{"href":"https:\/\/www.touristshopyerseke.nl\/de\/wp-json\/wp\/v2\/mec-events"}],"about":[{"href":"https:\/\/www.touristshopyerseke.nl\/de\/wp-json\/wp\/v2\/types\/mec-events"}],"author":[{"embeddable":true,"href":"https:\/\/www.touristshopyerseke.nl\/de\/wp-json\/wp\/v2\/users\/5"}],"replies":[{"embeddable":true,"href":"https:\/\/www.touristshopyerseke.nl\/de\/wp-json\/wp\/v2\/comments?post=125487"}],"wp:featuredmedia":[{"embeddable":true,"href":"https:\/\/www.touristshopyerseke.nl\/de\/wp-json\/wp\/v2\/media\/125486"}],"wp:attachment":[{"href":"https:\/\/www.touristshopyerseke.nl\/de\/wp-json\/wp\/v2\/media?parent=125487"}],"wp:term":[{"taxonomy":"post_tag","embeddable":true,"href":"https:\/\/www.touristshopyerseke.nl\/de\/wp-json\/wp\/v2\/tags?post=125487"},{"taxonomy":"mec_category","embeddable":true,"href":"https:\/\/www.touristshopyerseke.nl\/de\/wp-json\/wp\/v2\/mec_category?post=125487"}],"curies":[{"name":"wp","href":"https:\/\/api.w.org\/{rel}","templated":true}]}}

<p data-start="235" data-end="371">Am Freitag, den 24. und Samstag, den 25. Juli 2026, findet das <span class="hover:entity-accent entity-underline inline cursor-pointer align-baseline"><span class="whitespace-normal">Kamperland</span></span> ganz im Zeichen der gemütlichen <strong data-start="348" data-end="370">Kamperland Tage</strong> stehen.</p>
<p data-start="373" data-end="590">Während dieses sommerlichen Dorffestes verwandelt sich das Zentrum in einen lebendigen Treffpunkt voller Atmosphäre und Aktivität. Besucher können einen Jahrmarkt, Musik und verschiedene Aufführungen genießen, die über das ganze Dorf verteilt sind. </p>
<p data-start="592" data-end="822">Neben dem Unterhaltungsprogramm wird es viel Platz geben, um an den Ständen entlang zu schlendern, lokale Produkte zu entdecken und gemeinsam die sommerliche Atmosphäre zu genießen. Es gibt auch lustige Aktivitäten für Kinder, so dass die ganze Familie Spaß haben kann. </p>
<p data-start="824" data-end="928">Kamperlandse Dagen garantiert Geselligkeit, Begegnungen und Sommervergnügen an der Küste Zeelands.</p>

<p>Am Freitag, den 24. und Samstag, den 25. Juli 2026, findet das Kamperland ganz im Zeichen der gemütlichen Kamperland Tage stehen. Während dieses sommerlichen Dorffestes verwandelt sich das Zentrum in einen lebendigen Treffpunkt voller Atmosphäre und Aktivität. Besucher können einen Jahrmarkt, Musik und verschiedene Aufführungen genießen, die über das ganze Dorf verteilt sind. Neben dem [&hellip;]</p>

<!-- This site is optimized with the Yoast SEO plugin v27.2 - https://yoast.com/product/yoast-seo-wordpress/ -->
<title>Kamperland Tage - Tourist Shop Yerseke</title>
<meta name="description" content="Kamperlandse Dagen 2026 am 24. und 25. Juli mit Jahrmarkt, Musik, Aktivitäten und Sommerspaß in Kamperland, Zeeland." />
<meta name="robots" content="index, follow, max-snippet:-1, max-image-preview:large, max-video-preview:-1" />
<link rel="canonical" href="https://www.touristshopyerseke.nl/de/agenda/kamperland-tage/" />
<meta property="og:locale" content="de_DE" />
<meta property="og:type" content="article" />
<meta property="og:title" content="Kamperland Tage - Tourist Shop Yerseke" />
<meta property="og:description" content="Kamperlandse Dagen 2026 am 24. und 25. Juli mit Jahrmarkt, Musik, Aktivitäten und Sommerspaß in Kamperland, Zeeland." />
<meta property="og:url" content="https://www.touristshopyerseke.nl/de/agenda/kamperland-tage/" />
<meta property="og:site_name" content="Tourist Shop Yerseke" />
<meta property="og:image" content="https://www.touristshopyerseke.nl/wp-content/uploads/2026/03/page4-1011-full.jpg" />
	<meta property="og:image:width" content="640" />
	<meta property="og:image:height" content="480" />
	<meta property="og:image:type" content="image/jpeg" />
<meta name="twitter:card" content="summary_large_image" />
<meta name="twitter:label1" content="Geschätzte Lesezeit" />
	<meta name="twitter:data1" content="1 Minute" />
<script type="application/ld+json" class="yoast-schema-graph">{"@context":"https://schema.org","@graph":[{"@type":"WebPage","@id":"https://www.touristshopyerseke.nl/de/agenda/kamperland-tage/","url":"https://www.touristshopyerseke.nl/de/agenda/kamperland-tage/","name":"Kamperland Tage - Tourist Shop Yerseke","isPartOf":{"@id":"https://www.touristshopyerseke.nl/de/#website"},"primaryImageOfPage":{"@id":"https://www.touristshopyerseke.nl/de/agenda/kamperland-tage/#primaryimage"},"image":{"@id":"https://www.touristshopyerseke.nl/de/agenda/kamperland-tage/#primaryimage"},"thumbnailUrl":"https://www.touristshopyerseke.nl/wp-content/uploads/2026/03/page4-1011-full.jpg","datePublished":"2026-03-27T13:41:06+00:00","description":"Kamperlandse Dagen 2026 am 24. und 25. Juli mit Jahrmarkt, Musik, Aktivitäten und Sommerspaß in Kamperland, Zeeland.","breadcrumb":{"@id":"https://www.touristshopyerseke.nl/de/agenda/kamperland-tage/#breadcrumb"},"inLanguage":"de","potentialAction":[{"@type":"ReadAction","target":["https://www.touristshopyerseke.nl/de/agenda/kamperland-tage/"]}]},{"@type":"ImageObject","inLanguage":"de","@id":"https://www.touristshopyerseke.nl/de/agenda/kamperland-tage/#primaryimage","url":"https://www.touristshopyerseke.nl/wp-content/uploads/2026/03/page4-1011-full.jpg","contentUrl":"https://www.touristshopyerseke.nl/wp-content/uploads/2026/03/page4-1011-full.jpg","width":640,"height":480,"caption":"Kamperlandse dagen 2026"},{"@type":"BreadcrumbList","@id":"https://www.touristshopyerseke.nl/de/agenda/kamperland-tage/#breadcrumb","itemListElement":[{"@type":"ListItem","position":1,"name":"Home","item":"https://www.touristshopyerseke.nl/de/"},{"@type":"ListItem","position":2,"name":"Veranstaltungen","item":"https://www.touristshopyerseke.nl/de/agenda/"},{"@type":"ListItem","position":3,"name":"Kamperland Tage"}]},{"@type":"WebSite","@id":"https://www.touristshopyerseke.nl/de/#website","url":"https://www.touristshopyerseke.nl/de/","name":"Tourist Shop Yerseke","description":"","potentialAction":[{"@type":"SearchAction","target":{"@type":"EntryPoint","urlTemplate":"https://www.touristshopyerseke.nl/de/?s={search_term_string}"},"query-input":{"@type":"PropertyValueSpecification","valueRequired":true,"valueName":"search_term_string"}}],"inLanguage":"de"}]}</script>
<!-- / Yoast SEO plugin. -->

Kamperlandse Dagen 2026 am 24. und 25. Juli mit Jahrmarkt, Musik, Aktivitäten und Sommerspaß in Kamperland, Zeeland.
