{"id":125435,"date":"2026-03-27T11:15:15","date_gmt":"2026-03-27T11:15:15","guid":{"rendered":"https:\/\/www.touristshopyerseke.nl\/agenda\/hafentage-tholen-2026-niederlaendische-festungstage\/"},"modified":"2026-03-27T11:15:15","modified_gmt":"2026-03-27T11:15:15","slug":"hafentage-tholen-2026-niederlaendische-festungstage","status":"publish","type":"mec-events","link":"https:\/\/www.touristshopyerseke.nl\/de\/agenda\/hafentage-tholen-2026-niederlaendische-festungstage\/","title":{"rendered":"Hafentage Tholen 2026 &#8211; Niederl\u00e4ndische Festungstage"},"content":{"rendered":"<p data-start=\"276\" data-end=\"438\">Die alle 2 Jahre stattfindenden <span class=\"hover:entity-accent entity-underline inline cursor-pointer align-baseline\"><span class=\"whitespace-normal\">Hafentage Tholen<\/span><\/span> finden am Freitag 5. und Samstag 6. Juni 2026 im historischen <span class=\"hover:entity-accent entity-underline inline cursor-pointer align-baseline\"><span class=\"whitespace-normal\">Tholen<\/span><\/span>.<\/p>\n<p data-start=\"440\" data-end=\"678\">Im Jahr 2026 stehen die Hafentage ganz im Zeichen der Niederl\u00e4ndischen Festungsstadttage. W\u00e4hrend dieses besonderen Themas wird die Stadt vor\u00fcbergehend in der Zeit zur\u00fcckgehen und die Vergangenheit der Festungsstadt wird auf lebendige Weise zum Leben erweckt. <\/p>\n<p data-start=\"680\" data-end=\"897\"><span class=\"hover:entity-accent entity-underline inline cursor-pointer align-baseline\"><span class=\"whitespace-normal\">Tholen<\/span><\/span> feiert dieses Jahr auch ein ganz besonderes Jubil\u00e4um: 660 Jahre Stadtrechte. Ein Meilenstein, der zusammen mit dem Thema f\u00fcr eine festliche und historische Atmosph\u00e4re in der Stadt sorgt. <\/p>\n<p data-start=\"899\" data-end=\"1096\">Aufgrund der nationalen Aufmerksamkeit werden Tausende von Besuchern erwartet. Die Veranstaltung wird mitorganisiert von der <span class=\"hover:entity-accent entity-underline inline cursor-pointer align-baseline\"><span class=\"whitespace-normal\">Stadtverwaltung von Tholen<\/span><\/span> und dem <span class=\"hover:entity-accent entity-underline inline cursor-pointer align-baseline\"><span class=\"whitespace-normal\">Vereinigung der niederl\u00e4ndischen Festungsst\u00e4dte<\/span><\/span>. <\/p>\n<p data-start=\"1098\" data-end=\"1229\">Zwei Tage lang dreht sich in Tholen alles um Geschichte, Hafen und Erlebnis &#8211; eine einzigartige Veranstaltung in Zeeland, die Sie nicht verpassen sollten.<\/p>\n","protected":false},"excerpt":{"rendered":"<p>Die alle 2 Jahre stattfindenden Hafentage Tholen finden am Freitag 5. und Samstag 6. Juni 2026 im historischen Tholen. Im Jahr 2026 stehen die Hafentage ganz im Zeichen der Niederl\u00e4ndischen Festungsstadttage. W\u00e4hrend dieses besonderen Themas wird die Stadt vor\u00fcbergehend in der Zeit zur\u00fcckgehen und die Vergangenheit der Festungsstadt wird auf lebendige Weise zum Leben erweckt. [&hellip;]<\/p>\n","protected":false},"author":5,"featured_media":125434,"comment_status":"open","ping_status":"closed","template":"","tags":[],"mec_category":[],"class_list":["post-125435","mec-events","type-mec-events","status-publish","has-post-thumbnail","hentry"],"acf":[],"yoast_head":"<!-- This site is optimized with the Yoast SEO plugin v27.2 - https:\/\/yoast.com\/product\/yoast-seo-wordpress\/ -->\n<title>Hafentage Tholen 2026 - Niederl\u00e4ndische Festungstage - Tourist Shop Yerseke<\/title>\n<meta name=\"description\" content=\"Havendagen Tholen 2026 am 5. und 6. Juni mit niederl\u00e4ndischen Festungstagen, historischen Aktivit\u00e4ten und Tausenden von Besuchern.\" \/>\n<meta name=\"robots\" content=\"index, follow, max-snippet:-1, max-image-preview:large, max-video-preview:-1\" \/>\n<link rel=\"canonical\" href=\"https:\/\/www.touristshopyerseke.nl\/de\/agenda\/hafentage-tholen-2026-niederlaendische-festungstage\/\" \/>\n<meta property=\"og:locale\" content=\"de_DE\" \/>\n<meta property=\"og:type\" content=\"article\" \/>\n<meta property=\"og:title\" content=\"Hafentage Tholen 2026 - Niederl\u00e4ndische Festungstage - Tourist Shop Yerseke\" \/>\n<meta property=\"og:description\" content=\"Havendagen Tholen 2026 am 5. und 6. Juni mit niederl\u00e4ndischen Festungstagen, historischen Aktivit\u00e4ten und Tausenden von Besuchern.\" \/>\n<meta property=\"og:url\" content=\"https:\/\/www.touristshopyerseke.nl\/de\/agenda\/hafentage-tholen-2026-niederlaendische-festungstage\/\" \/>\n<meta property=\"og:site_name\" content=\"Tourist Shop Yerseke\" \/>\n<meta property=\"og:image\" content=\"https:\/\/www.touristshopyerseke.nl\/wp-content\/uploads\/2026\/03\/c49b8ce81ab5b44b116e85ba.jpg\" \/>\n\t<meta property=\"og:image:width\" content=\"800\" \/>\n\t<meta property=\"og:image:height\" content=\"800\" \/>\n\t<meta property=\"og:image:type\" content=\"image\/jpeg\" \/>\n<meta name=\"twitter:card\" content=\"summary_large_image\" \/>\n<meta name=\"twitter:label1\" content=\"Gesch\u00e4tzte Lesezeit\" \/>\n\t<meta name=\"twitter:data1\" content=\"1\u00a0Minute\" \/>\n<script type=\"application\/ld+json\" class=\"yoast-schema-graph\">{\"@context\":\"https:\/\/schema.org\",\"@graph\":[{\"@type\":\"WebPage\",\"@id\":\"https:\/\/www.touristshopyerseke.nl\/de\/agenda\/hafentage-tholen-2026-niederlaendische-festungstage\/\",\"url\":\"https:\/\/www.touristshopyerseke.nl\/de\/agenda\/hafentage-tholen-2026-niederlaendische-festungstage\/\",\"name\":\"Hafentage Tholen 2026 - Niederl\u00e4ndische Festungstage - Tourist Shop Yerseke\",\"isPartOf\":{\"@id\":\"https:\/\/www.touristshopyerseke.nl\/de\/#website\"},\"primaryImageOfPage\":{\"@id\":\"https:\/\/www.touristshopyerseke.nl\/de\/agenda\/hafentage-tholen-2026-niederlaendische-festungstage\/#primaryimage\"},\"image\":{\"@id\":\"https:\/\/www.touristshopyerseke.nl\/de\/agenda\/hafentage-tholen-2026-niederlaendische-festungstage\/#primaryimage\"},\"thumbnailUrl\":\"https:\/\/www.touristshopyerseke.nl\/wp-content\/uploads\/2026\/03\/c49b8ce81ab5b44b116e85ba.jpg\",\"datePublished\":\"2026-03-27T11:15:15+00:00\",\"description\":\"Havendagen Tholen 2026 am 5. und 6. Juni mit niederl\u00e4ndischen Festungstagen, historischen Aktivit\u00e4ten und Tausenden von Besuchern.\",\"breadcrumb\":{\"@id\":\"https:\/\/www.touristshopyerseke.nl\/de\/agenda\/hafentage-tholen-2026-niederlaendische-festungstage\/#breadcrumb\"},\"inLanguage\":\"de\",\"potentialAction\":[{\"@type\":\"ReadAction\",\"target\":[\"https:\/\/www.touristshopyerseke.nl\/de\/agenda\/hafentage-tholen-2026-niederlaendische-festungstage\/\"]}]},{\"@type\":\"ImageObject\",\"inLanguage\":\"de\",\"@id\":\"https:\/\/www.touristshopyerseke.nl\/de\/agenda\/hafentage-tholen-2026-niederlaendische-festungstage\/#primaryimage\",\"url\":\"https:\/\/www.touristshopyerseke.nl\/wp-content\/uploads\/2026\/03\/c49b8ce81ab5b44b116e85ba.jpg\",\"contentUrl\":\"https:\/\/www.touristshopyerseke.nl\/wp-content\/uploads\/2026\/03\/c49b8ce81ab5b44b116e85ba.jpg\",\"width\":800,\"height\":800,\"caption\":\"Havendagen Tholen 2026\"},{\"@type\":\"BreadcrumbList\",\"@id\":\"https:\/\/www.touristshopyerseke.nl\/de\/agenda\/hafentage-tholen-2026-niederlaendische-festungstage\/#breadcrumb\",\"itemListElement\":[{\"@type\":\"ListItem\",\"position\":1,\"name\":\"Home\",\"item\":\"https:\/\/www.touristshopyerseke.nl\/de\/\"},{\"@type\":\"ListItem\",\"position\":2,\"name\":\"Veranstaltungen\",\"item\":\"https:\/\/www.touristshopyerseke.nl\/de\/agenda\/\"},{\"@type\":\"ListItem\",\"position\":3,\"name\":\"Hafentage Tholen 2026 &#8211; Niederl\u00e4ndische Festungstage\"}]},{\"@type\":\"WebSite\",\"@id\":\"https:\/\/www.touristshopyerseke.nl\/de\/#website\",\"url\":\"https:\/\/www.touristshopyerseke.nl\/de\/\",\"name\":\"Tourist Shop Yerseke\",\"description\":\"\",\"potentialAction\":[{\"@type\":\"SearchAction\",\"target\":{\"@type\":\"EntryPoint\",\"urlTemplate\":\"https:\/\/www.touristshopyerseke.nl\/de\/?s={search_term_string}\"},\"query-input\":{\"@type\":\"PropertyValueSpecification\",\"valueRequired\":true,\"valueName\":\"search_term_string\"}}],\"inLanguage\":\"de\"}]}<\/script>\n<!-- \/ Yoast SEO plugin. -->","yoast_head_json":{"title":"Hafentage Tholen 2026 - Niederl\u00e4ndische Festungstage - Tourist Shop Yerseke","description":"Havendagen Tholen 2026 am 5. und 6. Juni mit niederl\u00e4ndischen Festungstagen, historischen Aktivit\u00e4ten und Tausenden von Besuchern.","robots":{"index":"index","follow":"follow","max-snippet":"max-snippet:-1","max-image-preview":"max-image-preview:large","max-video-preview":"max-video-preview:-1"},"canonical":"https:\/\/www.touristshopyerseke.nl\/de\/agenda\/hafentage-tholen-2026-niederlaendische-festungstage\/","og_locale":"de_DE","og_type":"article","og_title":"Hafentage Tholen 2026 - Niederl\u00e4ndische Festungstage - Tourist Shop Yerseke","og_description":"Havendagen Tholen 2026 am 5. und 6. Juni mit niederl\u00e4ndischen Festungstagen, historischen Aktivit\u00e4ten und Tausenden von Besuchern.","og_url":"https:\/\/www.touristshopyerseke.nl\/de\/agenda\/hafentage-tholen-2026-niederlaendische-festungstage\/","og_site_name":"Tourist Shop Yerseke","og_image":[{"width":800,"height":800,"url":"https:\/\/www.touristshopyerseke.nl\/wp-content\/uploads\/2026\/03\/c49b8ce81ab5b44b116e85ba.jpg","type":"image\/jpeg"}],"twitter_card":"summary_large_image","twitter_misc":{"Gesch\u00e4tzte Lesezeit":"1\u00a0Minute"},"schema":{"@context":"https:\/\/schema.org","@graph":[{"@type":"WebPage","@id":"https:\/\/www.touristshopyerseke.nl\/de\/agenda\/hafentage-tholen-2026-niederlaendische-festungstage\/","url":"https:\/\/www.touristshopyerseke.nl\/de\/agenda\/hafentage-tholen-2026-niederlaendische-festungstage\/","name":"Hafentage Tholen 2026 - Niederl\u00e4ndische Festungstage - Tourist Shop Yerseke","isPartOf":{"@id":"https:\/\/www.touristshopyerseke.nl\/de\/#website"},"primaryImageOfPage":{"@id":"https:\/\/www.touristshopyerseke.nl\/de\/agenda\/hafentage-tholen-2026-niederlaendische-festungstage\/#primaryimage"},"image":{"@id":"https:\/\/www.touristshopyerseke.nl\/de\/agenda\/hafentage-tholen-2026-niederlaendische-festungstage\/#primaryimage"},"thumbnailUrl":"https:\/\/www.touristshopyerseke.nl\/wp-content\/uploads\/2026\/03\/c49b8ce81ab5b44b116e85ba.jpg","datePublished":"2026-03-27T11:15:15+00:00","description":"Havendagen Tholen 2026 am 5. und 6. Juni mit niederl\u00e4ndischen Festungstagen, historischen Aktivit\u00e4ten und Tausenden von Besuchern.","breadcrumb":{"@id":"https:\/\/www.touristshopyerseke.nl\/de\/agenda\/hafentage-tholen-2026-niederlaendische-festungstage\/#breadcrumb"},"inLanguage":"de","potentialAction":[{"@type":"ReadAction","target":["https:\/\/www.touristshopyerseke.nl\/de\/agenda\/hafentage-tholen-2026-niederlaendische-festungstage\/"]}]},{"@type":"ImageObject","inLanguage":"de","@id":"https:\/\/www.touristshopyerseke.nl\/de\/agenda\/hafentage-tholen-2026-niederlaendische-festungstage\/#primaryimage","url":"https:\/\/www.touristshopyerseke.nl\/wp-content\/uploads\/2026\/03\/c49b8ce81ab5b44b116e85ba.jpg","contentUrl":"https:\/\/www.touristshopyerseke.nl\/wp-content\/uploads\/2026\/03\/c49b8ce81ab5b44b116e85ba.jpg","width":800,"height":800,"caption":"Havendagen Tholen 2026"},{"@type":"BreadcrumbList","@id":"https:\/\/www.touristshopyerseke.nl\/de\/agenda\/hafentage-tholen-2026-niederlaendische-festungstage\/#breadcrumb","itemListElement":[{"@type":"ListItem","position":1,"name":"Home","item":"https:\/\/www.touristshopyerseke.nl\/de\/"},{"@type":"ListItem","position":2,"name":"Veranstaltungen","item":"https:\/\/www.touristshopyerseke.nl\/de\/agenda\/"},{"@type":"ListItem","position":3,"name":"Hafentage Tholen 2026 &#8211; Niederl\u00e4ndische Festungstage"}]},{"@type":"WebSite","@id":"https:\/\/www.touristshopyerseke.nl\/de\/#website","url":"https:\/\/www.touristshopyerseke.nl\/de\/","name":"Tourist Shop Yerseke","description":"","potentialAction":[{"@type":"SearchAction","target":{"@type":"EntryPoint","urlTemplate":"https:\/\/www.touristshopyerseke.nl\/de\/?s={search_term_string}"},"query-input":{"@type":"PropertyValueSpecification","valueRequired":true,"valueName":"search_term_string"}}],"inLanguage":"de"}]}},"_links":{"self":[{"href":"https:\/\/www.touristshopyerseke.nl\/de\/wp-json\/wp\/v2\/mec-events\/125435","targetHints":{"allow":["GET"]}}],"collection":[{"href":"https:\/\/www.touristshopyerseke.nl\/de\/wp-json\/wp\/v2\/mec-events"}],"about":[{"href":"https:\/\/www.touristshopyerseke.nl\/de\/wp-json\/wp\/v2\/types\/mec-events"}],"author":[{"embeddable":true,"href":"https:\/\/www.touristshopyerseke.nl\/de\/wp-json\/wp\/v2\/users\/5"}],"replies":[{"embeddable":true,"href":"https:\/\/www.touristshopyerseke.nl\/de\/wp-json\/wp\/v2\/comments?post=125435"}],"wp:featuredmedia":[{"embeddable":true,"href":"https:\/\/www.touristshopyerseke.nl\/de\/wp-json\/wp\/v2\/media\/125434"}],"wp:attachment":[{"href":"https:\/\/www.touristshopyerseke.nl\/de\/wp-json\/wp\/v2\/media?parent=125435"}],"wp:term":[{"taxonomy":"post_tag","embeddable":true,"href":"https:\/\/www.touristshopyerseke.nl\/de\/wp-json\/wp\/v2\/tags?post=125435"},{"taxonomy":"mec_category","embeddable":true,"href":"https:\/\/www.touristshopyerseke.nl\/de\/wp-json\/wp\/v2\/mec_category?post=125435"}],"curies":[{"name":"wp","href":"https:\/\/api.w.org\/{rel}","templated":true}]}}

Hafentage Tholen 2026 &#8211; Niederländische Festungstage

<p data-start="276" data-end="438">Die alle 2 Jahre stattfindenden <span class="hover:entity-accent entity-underline inline cursor-pointer align-baseline"><span class="whitespace-normal">Hafentage Tholen</span></span> finden am Freitag 5. und Samstag 6. Juni 2026 im historischen <span class="hover:entity-accent entity-underline inline cursor-pointer align-baseline"><span class="whitespace-normal">Tholen</span></span>.</p>
<p data-start="440" data-end="678">Im Jahr 2026 stehen die Hafentage ganz im Zeichen der Niederländischen Festungsstadttage. Während dieses besonderen Themas wird die Stadt vorübergehend in der Zeit zurückgehen und die Vergangenheit der Festungsstadt wird auf lebendige Weise zum Leben erweckt. </p>
<p data-start="680" data-end="897"><span class="hover:entity-accent entity-underline inline cursor-pointer align-baseline"><span class="whitespace-normal">Tholen</span></span> feiert dieses Jahr auch ein ganz besonderes Jubiläum: 660 Jahre Stadtrechte. Ein Meilenstein, der zusammen mit dem Thema für eine festliche und historische Atmosphäre in der Stadt sorgt. </p>
<p data-start="899" data-end="1096">Aufgrund der nationalen Aufmerksamkeit werden Tausende von Besuchern erwartet. Die Veranstaltung wird mitorganisiert von der <span class="hover:entity-accent entity-underline inline cursor-pointer align-baseline"><span class="whitespace-normal">Stadtverwaltung von Tholen</span></span> und dem <span class="hover:entity-accent entity-underline inline cursor-pointer align-baseline"><span class="whitespace-normal">Vereinigung der niederländischen Festungsstädte</span></span>. </p>
<p data-start="1098" data-end="1229">Zwei Tage lang dreht sich in Tholen alles um Geschichte, Hafen und Erlebnis &#8211; eine einzigartige Veranstaltung in Zeeland, die Sie nicht verpassen sollten.</p>

<p>Die alle 2 Jahre stattfindenden Hafentage Tholen finden am Freitag 5. und Samstag 6. Juni 2026 im historischen Tholen. Im Jahr 2026 stehen die Hafentage ganz im Zeichen der Niederländischen Festungsstadttage. Während dieses besonderen Themas wird die Stadt vorübergehend in der Zeit zurückgehen und die Vergangenheit der Festungsstadt wird auf lebendige Weise zum Leben erweckt. [&hellip;]</p>

<!-- This site is optimized with the Yoast SEO plugin v27.2 - https://yoast.com/product/yoast-seo-wordpress/ -->
<title>Hafentage Tholen 2026 - Niederländische Festungstage - Tourist Shop Yerseke</title>
<meta name="description" content="Havendagen Tholen 2026 am 5. und 6. Juni mit niederländischen Festungstagen, historischen Aktivitäten und Tausenden von Besuchern." />
<meta name="robots" content="index, follow, max-snippet:-1, max-image-preview:large, max-video-preview:-1" />
<link rel="canonical" href="https://www.touristshopyerseke.nl/de/agenda/hafentage-tholen-2026-niederlaendische-festungstage/" />
<meta property="og:locale" content="de_DE" />
<meta property="og:type" content="article" />
<meta property="og:title" content="Hafentage Tholen 2026 - Niederländische Festungstage - Tourist Shop Yerseke" />
<meta property="og:description" content="Havendagen Tholen 2026 am 5. und 6. Juni mit niederländischen Festungstagen, historischen Aktivitäten und Tausenden von Besuchern." />
<meta property="og:url" content="https://www.touristshopyerseke.nl/de/agenda/hafentage-tholen-2026-niederlaendische-festungstage/" />
<meta property="og:site_name" content="Tourist Shop Yerseke" />
<meta property="og:image" content="https://www.touristshopyerseke.nl/wp-content/uploads/2026/03/c49b8ce81ab5b44b116e85ba.jpg" />
	<meta property="og:image:width" content="800" />
	<meta property="og:image:height" content="800" />
	<meta property="og:image:type" content="image/jpeg" />
<meta name="twitter:card" content="summary_large_image" />
<meta name="twitter:label1" content="Geschätzte Lesezeit" />
	<meta name="twitter:data1" content="1 Minute" />
<script type="application/ld+json" class="yoast-schema-graph">{"@context":"https://schema.org","@graph":[{"@type":"WebPage","@id":"https://www.touristshopyerseke.nl/de/agenda/hafentage-tholen-2026-niederlaendische-festungstage/","url":"https://www.touristshopyerseke.nl/de/agenda/hafentage-tholen-2026-niederlaendische-festungstage/","name":"Hafentage Tholen 2026 - Niederländische Festungstage - Tourist Shop Yerseke","isPartOf":{"@id":"https://www.touristshopyerseke.nl/de/#website"},"primaryImageOfPage":{"@id":"https://www.touristshopyerseke.nl/de/agenda/hafentage-tholen-2026-niederlaendische-festungstage/#primaryimage"},"image":{"@id":"https://www.touristshopyerseke.nl/de/agenda/hafentage-tholen-2026-niederlaendische-festungstage/#primaryimage"},"thumbnailUrl":"https://www.touristshopyerseke.nl/wp-content/uploads/2026/03/c49b8ce81ab5b44b116e85ba.jpg","datePublished":"2026-03-27T11:15:15+00:00","description":"Havendagen Tholen 2026 am 5. und 6. Juni mit niederländischen Festungstagen, historischen Aktivitäten und Tausenden von Besuchern.","breadcrumb":{"@id":"https://www.touristshopyerseke.nl/de/agenda/hafentage-tholen-2026-niederlaendische-festungstage/#breadcrumb"},"inLanguage":"de","potentialAction":[{"@type":"ReadAction","target":["https://www.touristshopyerseke.nl/de/agenda/hafentage-tholen-2026-niederlaendische-festungstage/"]}]},{"@type":"ImageObject","inLanguage":"de","@id":"https://www.touristshopyerseke.nl/de/agenda/hafentage-tholen-2026-niederlaendische-festungstage/#primaryimage","url":"https://www.touristshopyerseke.nl/wp-content/uploads/2026/03/c49b8ce81ab5b44b116e85ba.jpg","contentUrl":"https://www.touristshopyerseke.nl/wp-content/uploads/2026/03/c49b8ce81ab5b44b116e85ba.jpg","width":800,"height":800,"caption":"Havendagen Tholen 2026"},{"@type":"BreadcrumbList","@id":"https://www.touristshopyerseke.nl/de/agenda/hafentage-tholen-2026-niederlaendische-festungstage/#breadcrumb","itemListElement":[{"@type":"ListItem","position":1,"name":"Home","item":"https://www.touristshopyerseke.nl/de/"},{"@type":"ListItem","position":2,"name":"Veranstaltungen","item":"https://www.touristshopyerseke.nl/de/agenda/"},{"@type":"ListItem","position":3,"name":"Hafentage Tholen 2026 &#8211; Niederländische Festungstage"}]},{"@type":"WebSite","@id":"https://www.touristshopyerseke.nl/de/#website","url":"https://www.touristshopyerseke.nl/de/","name":"Tourist Shop Yerseke","description":"","potentialAction":[{"@type":"SearchAction","target":{"@type":"EntryPoint","urlTemplate":"https://www.touristshopyerseke.nl/de/?s={search_term_string}"},"query-input":{"@type":"PropertyValueSpecification","valueRequired":true,"valueName":"search_term_string"}}],"inLanguage":"de"}]}</script>
<!-- / Yoast SEO plugin. -->

Hafentage Tholen 2026 - Niederländische Festungstage - Tourist Shop Yerseke

Havendagen Tholen 2026 am 5. und 6. Juni mit niederländischen Festungstagen, historischen Aktivitäten und Tausenden von Besuchern.
