{"id":124399,"date":"2025-01-15T13:25:17","date_gmt":"2025-01-15T13:25:17","guid":{"rendered":"https:\/\/www.touristshopyerseke.nl\/agenda\/yerseke-auf-see-2\/"},"modified":"2025-01-15T13:25:17","modified_gmt":"2025-01-15T13:25:17","slug":"yerseke-auf-see-2","status":"publish","type":"mec-events","link":"https:\/\/www.touristshopyerseke.nl\/de\/agenda\/yerseke-auf-see-2\/","title":{"rendered":"Yerseke auf See"},"content":{"rendered":"<p>Die zweite Ausgabe von &#8218;Yerseke at Sea&#8216; findet am Samstag, den 16. August 2025, im Hafen von Yerseke statt. Bei dieser Veranstaltung dreht sich alles um die reiche Tradition von Muscheln, Austern und maritimer Kultur. Besucher k\u00f6nnen frische Meeresfr\u00fcchte auf dem Seafood Square, einem handwerklichen und regionalen Markt, und dem Experience Square genie\u00dfen, wo die Muschel- und Austernzucht erkl\u00e4rt wird. F\u00fcr Kinder gibt es unterhaltsame Aktivit\u00e4ten auf dem Kidsplein und einen kostenlosen Markt. Umrahmt wird der Tag von musikalischer Unterhaltung durch Shanty-Ch\u00f6re und Musikvereine.    <\/p>\n","protected":false},"excerpt":{"rendered":"<p>Die zweite Ausgabe von &#8218;Yerseke at Sea&#8216; findet am Samstag, den 16. August 2025, im Hafen von Yerseke statt. Bei dieser Veranstaltung dreht sich alles um die reiche Tradition von Muscheln, Austern und maritimer Kultur. Besucher k\u00f6nnen frische Meeresfr\u00fcchte auf dem Seafood Square, einem handwerklichen und regionalen Markt, und dem Experience Square genie\u00dfen, wo die [&hellip;]<\/p>\n","protected":false},"author":5,"featured_media":124398,"comment_status":"open","ping_status":"closed","template":"","tags":[],"mec_category":[],"class_list":["post-124399","mec-events","type-mec-events","status-publish","has-post-thumbnail","hentry"],"acf":[],"yoast_head":"<!-- This site is optimized with the Yoast SEO plugin v27.2 - https:\/\/yoast.com\/product\/yoast-seo-wordpress\/ -->\n<title>Yerseke auf See - Tourist Shop Yerseke<\/title>\n<meta name=\"description\" content=\"Die zweite Ausgabe von &#039;Yerseke at Sea&#039; wird am Samstag, den 16. August 2025, im Hafen von Yerseke stattfinden.\" \/>\n<meta name=\"robots\" content=\"index, follow, max-snippet:-1, max-image-preview:large, max-video-preview:-1\" \/>\n<link rel=\"canonical\" href=\"https:\/\/www.touristshopyerseke.nl\/de\/agenda\/yerseke-auf-see-2\/\" \/>\n<meta property=\"og:locale\" content=\"de_DE\" \/>\n<meta property=\"og:type\" content=\"article\" \/>\n<meta property=\"og:title\" content=\"Yerseke auf See - Tourist Shop Yerseke\" \/>\n<meta property=\"og:description\" content=\"Die zweite Ausgabe von &#039;Yerseke at Sea&#039; wird am Samstag, den 16. August 2025, im Hafen von Yerseke stattfinden.\" \/>\n<meta property=\"og:url\" content=\"https:\/\/www.touristshopyerseke.nl\/de\/agenda\/yerseke-auf-see-2\/\" \/>\n<meta property=\"og:site_name\" content=\"Tourist Shop Yerseke\" \/>\n<meta property=\"og:image\" content=\"https:\/\/www.touristshopyerseke.nl\/wp-content\/uploads\/2025\/01\/yerseke-at-sea.jpg\" \/>\n\t<meta property=\"og:image:width\" content=\"1920\" \/>\n\t<meta property=\"og:image:height\" content=\"1280\" \/>\n\t<meta property=\"og:image:type\" content=\"image\/jpeg\" \/>\n<meta name=\"twitter:card\" content=\"summary_large_image\" \/>\n<script type=\"application\/ld+json\" class=\"yoast-schema-graph\">{\"@context\":\"https:\/\/schema.org\",\"@graph\":[{\"@type\":\"WebPage\",\"@id\":\"https:\/\/www.touristshopyerseke.nl\/de\/agenda\/yerseke-auf-see-2\/\",\"url\":\"https:\/\/www.touristshopyerseke.nl\/de\/agenda\/yerseke-auf-see-2\/\",\"name\":\"Yerseke auf See - Tourist Shop Yerseke\",\"isPartOf\":{\"@id\":\"https:\/\/www.touristshopyerseke.nl\/de\/#website\"},\"primaryImageOfPage\":{\"@id\":\"https:\/\/www.touristshopyerseke.nl\/de\/agenda\/yerseke-auf-see-2\/#primaryimage\"},\"image\":{\"@id\":\"https:\/\/www.touristshopyerseke.nl\/de\/agenda\/yerseke-auf-see-2\/#primaryimage\"},\"thumbnailUrl\":\"https:\/\/www.touristshopyerseke.nl\/wp-content\/uploads\/2025\/01\/yerseke-at-sea.jpg\",\"datePublished\":\"2025-01-15T13:25:17+00:00\",\"description\":\"Die zweite Ausgabe von 'Yerseke at Sea' wird am Samstag, den 16. August 2025, im Hafen von Yerseke stattfinden.\",\"breadcrumb\":{\"@id\":\"https:\/\/www.touristshopyerseke.nl\/de\/agenda\/yerseke-auf-see-2\/#breadcrumb\"},\"inLanguage\":\"de\",\"potentialAction\":[{\"@type\":\"ReadAction\",\"target\":[\"https:\/\/www.touristshopyerseke.nl\/de\/agenda\/yerseke-auf-see-2\/\"]}]},{\"@type\":\"ImageObject\",\"inLanguage\":\"de\",\"@id\":\"https:\/\/www.touristshopyerseke.nl\/de\/agenda\/yerseke-auf-see-2\/#primaryimage\",\"url\":\"https:\/\/www.touristshopyerseke.nl\/wp-content\/uploads\/2025\/01\/yerseke-at-sea.jpg\",\"contentUrl\":\"https:\/\/www.touristshopyerseke.nl\/wp-content\/uploads\/2025\/01\/yerseke-at-sea.jpg\",\"width\":1920,\"height\":1280},{\"@type\":\"BreadcrumbList\",\"@id\":\"https:\/\/www.touristshopyerseke.nl\/de\/agenda\/yerseke-auf-see-2\/#breadcrumb\",\"itemListElement\":[{\"@type\":\"ListItem\",\"position\":1,\"name\":\"Home\",\"item\":\"https:\/\/www.touristshopyerseke.nl\/de\/\"},{\"@type\":\"ListItem\",\"position\":2,\"name\":\"Veranstaltungen\",\"item\":\"https:\/\/www.touristshopyerseke.nl\/de\/agenda\/\"},{\"@type\":\"ListItem\",\"position\":3,\"name\":\"Yerseke auf See\"}]},{\"@type\":\"WebSite\",\"@id\":\"https:\/\/www.touristshopyerseke.nl\/de\/#website\",\"url\":\"https:\/\/www.touristshopyerseke.nl\/de\/\",\"name\":\"Tourist Shop Yerseke\",\"description\":\"\",\"potentialAction\":[{\"@type\":\"SearchAction\",\"target\":{\"@type\":\"EntryPoint\",\"urlTemplate\":\"https:\/\/www.touristshopyerseke.nl\/de\/?s={search_term_string}\"},\"query-input\":{\"@type\":\"PropertyValueSpecification\",\"valueRequired\":true,\"valueName\":\"search_term_string\"}}],\"inLanguage\":\"de\"}]}<\/script>\n<!-- \/ Yoast SEO plugin. -->","yoast_head_json":{"title":"Yerseke auf See - Tourist Shop Yerseke","description":"Die zweite Ausgabe von 'Yerseke at Sea' wird am Samstag, den 16. August 2025, im Hafen von Yerseke stattfinden.","robots":{"index":"index","follow":"follow","max-snippet":"max-snippet:-1","max-image-preview":"max-image-preview:large","max-video-preview":"max-video-preview:-1"},"canonical":"https:\/\/www.touristshopyerseke.nl\/de\/agenda\/yerseke-auf-see-2\/","og_locale":"de_DE","og_type":"article","og_title":"Yerseke auf See - Tourist Shop Yerseke","og_description":"Die zweite Ausgabe von 'Yerseke at Sea' wird am Samstag, den 16. August 2025, im Hafen von Yerseke stattfinden.","og_url":"https:\/\/www.touristshopyerseke.nl\/de\/agenda\/yerseke-auf-see-2\/","og_site_name":"Tourist Shop Yerseke","og_image":[{"width":1920,"height":1280,"url":"https:\/\/www.touristshopyerseke.nl\/wp-content\/uploads\/2025\/01\/yerseke-at-sea.jpg","type":"image\/jpeg"}],"twitter_card":"summary_large_image","schema":{"@context":"https:\/\/schema.org","@graph":[{"@type":"WebPage","@id":"https:\/\/www.touristshopyerseke.nl\/de\/agenda\/yerseke-auf-see-2\/","url":"https:\/\/www.touristshopyerseke.nl\/de\/agenda\/yerseke-auf-see-2\/","name":"Yerseke auf See - Tourist Shop Yerseke","isPartOf":{"@id":"https:\/\/www.touristshopyerseke.nl\/de\/#website"},"primaryImageOfPage":{"@id":"https:\/\/www.touristshopyerseke.nl\/de\/agenda\/yerseke-auf-see-2\/#primaryimage"},"image":{"@id":"https:\/\/www.touristshopyerseke.nl\/de\/agenda\/yerseke-auf-see-2\/#primaryimage"},"thumbnailUrl":"https:\/\/www.touristshopyerseke.nl\/wp-content\/uploads\/2025\/01\/yerseke-at-sea.jpg","datePublished":"2025-01-15T13:25:17+00:00","description":"Die zweite Ausgabe von 'Yerseke at Sea' wird am Samstag, den 16. August 2025, im Hafen von Yerseke stattfinden.","breadcrumb":{"@id":"https:\/\/www.touristshopyerseke.nl\/de\/agenda\/yerseke-auf-see-2\/#breadcrumb"},"inLanguage":"de","potentialAction":[{"@type":"ReadAction","target":["https:\/\/www.touristshopyerseke.nl\/de\/agenda\/yerseke-auf-see-2\/"]}]},{"@type":"ImageObject","inLanguage":"de","@id":"https:\/\/www.touristshopyerseke.nl\/de\/agenda\/yerseke-auf-see-2\/#primaryimage","url":"https:\/\/www.touristshopyerseke.nl\/wp-content\/uploads\/2025\/01\/yerseke-at-sea.jpg","contentUrl":"https:\/\/www.touristshopyerseke.nl\/wp-content\/uploads\/2025\/01\/yerseke-at-sea.jpg","width":1920,"height":1280},{"@type":"BreadcrumbList","@id":"https:\/\/www.touristshopyerseke.nl\/de\/agenda\/yerseke-auf-see-2\/#breadcrumb","itemListElement":[{"@type":"ListItem","position":1,"name":"Home","item":"https:\/\/www.touristshopyerseke.nl\/de\/"},{"@type":"ListItem","position":2,"name":"Veranstaltungen","item":"https:\/\/www.touristshopyerseke.nl\/de\/agenda\/"},{"@type":"ListItem","position":3,"name":"Yerseke auf See"}]},{"@type":"WebSite","@id":"https:\/\/www.touristshopyerseke.nl\/de\/#website","url":"https:\/\/www.touristshopyerseke.nl\/de\/","name":"Tourist Shop Yerseke","description":"","potentialAction":[{"@type":"SearchAction","target":{"@type":"EntryPoint","urlTemplate":"https:\/\/www.touristshopyerseke.nl\/de\/?s={search_term_string}"},"query-input":{"@type":"PropertyValueSpecification","valueRequired":true,"valueName":"search_term_string"}}],"inLanguage":"de"}]}},"_links":{"self":[{"href":"https:\/\/www.touristshopyerseke.nl\/de\/wp-json\/wp\/v2\/mec-events\/124399","targetHints":{"allow":["GET"]}}],"collection":[{"href":"https:\/\/www.touristshopyerseke.nl\/de\/wp-json\/wp\/v2\/mec-events"}],"about":[{"href":"https:\/\/www.touristshopyerseke.nl\/de\/wp-json\/wp\/v2\/types\/mec-events"}],"author":[{"embeddable":true,"href":"https:\/\/www.touristshopyerseke.nl\/de\/wp-json\/wp\/v2\/users\/5"}],"replies":[{"embeddable":true,"href":"https:\/\/www.touristshopyerseke.nl\/de\/wp-json\/wp\/v2\/comments?post=124399"}],"wp:featuredmedia":[{"embeddable":true,"href":"https:\/\/www.touristshopyerseke.nl\/de\/wp-json\/wp\/v2\/media\/124398"}],"wp:attachment":[{"href":"https:\/\/www.touristshopyerseke.nl\/de\/wp-json\/wp\/v2\/media?parent=124399"}],"wp:term":[{"taxonomy":"post_tag","embeddable":true,"href":"https:\/\/www.touristshopyerseke.nl\/de\/wp-json\/wp\/v2\/tags?post=124399"},{"taxonomy":"mec_category","embeddable":true,"href":"https:\/\/www.touristshopyerseke.nl\/de\/wp-json\/wp\/v2\/mec_category?post=124399"}],"curies":[{"name":"wp","href":"https:\/\/api.w.org\/{rel}","templated":true}]}}

<p>Die zweite Ausgabe von &#8218;Yerseke at Sea&#8216; findet am Samstag, den 16. August 2025, im Hafen von Yerseke statt. Bei dieser Veranstaltung dreht sich alles um die reiche Tradition von Muscheln, Austern und maritimer Kultur. Besucher können frische Meeresfrüchte auf dem Seafood Square, einem handwerklichen und regionalen Markt, und dem Experience Square genießen, wo die Muschel- und Austernzucht erklärt wird. Für Kinder gibt es unterhaltsame Aktivitäten auf dem Kidsplein und einen kostenlosen Markt. Umrahmt wird der Tag von musikalischer Unterhaltung durch Shanty-Chöre und Musikvereine.    </p>

<p>Die zweite Ausgabe von &#8218;Yerseke at Sea&#8216; findet am Samstag, den 16. August 2025, im Hafen von Yerseke statt. Bei dieser Veranstaltung dreht sich alles um die reiche Tradition von Muscheln, Austern und maritimer Kultur. Besucher können frische Meeresfrüchte auf dem Seafood Square, einem handwerklichen und regionalen Markt, und dem Experience Square genießen, wo die [&hellip;]</p>
