{"id":124374,"date":"2025-01-15T12:32:04","date_gmt":"2025-01-15T12:32:04","guid":{"rendered":"https:\/\/www.touristshopyerseke.nl\/agenda\/tag-des-offenen-denkmals\/"},"modified":"2025-01-15T12:32:04","modified_gmt":"2025-01-15T12:32:04","slug":"tag-des-offenen-denkmals","status":"publish","type":"mec-events","link":"https:\/\/www.touristshopyerseke.nl\/de\/agenda\/tag-des-offenen-denkmals\/","title":{"rendered":"Tag des offenen Denkmals"},"content":{"rendered":"<p>Am Samstag, den 13. September 2025, \u00f6ffnen zahlreiche Denkm\u00e4ler in Zeeland kostenlos ihre T\u00fcren f\u00fcr die \u00d6ffentlichkeit. Mit mehr als 800 nationalen Denkm\u00e4lern bietet die Provinz eine einzigartige Gelegenheit, historische St\u00e4tten zu erkunden, die normalerweise nicht zug\u00e4nglich sind <\/p>\n","protected":false},"excerpt":{"rendered":"<p>Am Samstag, den 13. September 2025, \u00f6ffnen zahlreiche Denkm\u00e4ler in Zeeland kostenlos ihre T\u00fcren f\u00fcr die \u00d6ffentlichkeit. Mit mehr als 800 nationalen Denkm\u00e4lern bietet die Provinz eine einzigartige Gelegenheit, historische St\u00e4tten zu erkunden, die normalerweise nicht zug\u00e4nglich sind<\/p>\n","protected":false},"author":5,"featured_media":124373,"comment_status":"open","ping_status":"closed","template":"","tags":[],"mec_category":[],"class_list":["post-124374","mec-events","type-mec-events","status-publish","has-post-thumbnail","hentry"],"acf":[],"yoast_head":"<!-- This site is optimized with the Yoast SEO plugin v27.2 - https:\/\/yoast.com\/product\/yoast-seo-wordpress\/ -->\n<title>Tag des offenen Denkmals - Tourist Shop Yerseke<\/title>\n<meta name=\"description\" content=\"Am Samstag, den 13. September 2025, \u00f6ffnen zahlreiche Denkm\u00e4ler in Zeeland kostenlos ihre T\u00fcren f\u00fcr die \u00d6ffentlichkeit.\" \/>\n<meta name=\"robots\" content=\"index, follow, max-snippet:-1, max-image-preview:large, max-video-preview:-1\" \/>\n<link rel=\"canonical\" href=\"https:\/\/www.touristshopyerseke.nl\/de\/agenda\/tag-des-offenen-denkmals\/\" \/>\n<meta property=\"og:locale\" content=\"de_DE\" \/>\n<meta property=\"og:type\" content=\"article\" \/>\n<meta property=\"og:title\" content=\"Tag des offenen Denkmals - Tourist Shop Yerseke\" \/>\n<meta property=\"og:description\" content=\"Am Samstag, den 13. September 2025, \u00f6ffnen zahlreiche Denkm\u00e4ler in Zeeland kostenlos ihre T\u00fcren f\u00fcr die \u00d6ffentlichkeit.\" \/>\n<meta property=\"og:url\" content=\"https:\/\/www.touristshopyerseke.nl\/de\/agenda\/tag-des-offenen-denkmals\/\" \/>\n<meta property=\"og:site_name\" content=\"Tourist Shop Yerseke\" \/>\n<meta property=\"og:image\" content=\"https:\/\/www.touristshopyerseke.nl\/wp-content\/uploads\/2025\/01\/open-monument-dag.jpg\" \/>\n\t<meta property=\"og:image:width\" content=\"768\" \/>\n\t<meta property=\"og:image:height\" content=\"502\" \/>\n\t<meta property=\"og:image:type\" content=\"image\/jpeg\" \/>\n<meta name=\"twitter:card\" content=\"summary_large_image\" \/>\n<script type=\"application\/ld+json\" class=\"yoast-schema-graph\">{\"@context\":\"https:\/\/schema.org\",\"@graph\":[{\"@type\":\"WebPage\",\"@id\":\"https:\/\/www.touristshopyerseke.nl\/de\/agenda\/tag-des-offenen-denkmals\/\",\"url\":\"https:\/\/www.touristshopyerseke.nl\/de\/agenda\/tag-des-offenen-denkmals\/\",\"name\":\"Tag des offenen Denkmals - Tourist Shop Yerseke\",\"isPartOf\":{\"@id\":\"https:\/\/www.touristshopyerseke.nl\/de\/#website\"},\"primaryImageOfPage\":{\"@id\":\"https:\/\/www.touristshopyerseke.nl\/de\/agenda\/tag-des-offenen-denkmals\/#primaryimage\"},\"image\":{\"@id\":\"https:\/\/www.touristshopyerseke.nl\/de\/agenda\/tag-des-offenen-denkmals\/#primaryimage\"},\"thumbnailUrl\":\"https:\/\/www.touristshopyerseke.nl\/wp-content\/uploads\/2025\/01\/open-monument-dag.jpg\",\"datePublished\":\"2025-01-15T12:32:04+00:00\",\"description\":\"Am Samstag, den 13. September 2025, \u00f6ffnen zahlreiche Denkm\u00e4ler in Zeeland kostenlos ihre T\u00fcren f\u00fcr die \u00d6ffentlichkeit.\",\"breadcrumb\":{\"@id\":\"https:\/\/www.touristshopyerseke.nl\/de\/agenda\/tag-des-offenen-denkmals\/#breadcrumb\"},\"inLanguage\":\"de\",\"potentialAction\":[{\"@type\":\"ReadAction\",\"target\":[\"https:\/\/www.touristshopyerseke.nl\/de\/agenda\/tag-des-offenen-denkmals\/\"]}]},{\"@type\":\"ImageObject\",\"inLanguage\":\"de\",\"@id\":\"https:\/\/www.touristshopyerseke.nl\/de\/agenda\/tag-des-offenen-denkmals\/#primaryimage\",\"url\":\"https:\/\/www.touristshopyerseke.nl\/wp-content\/uploads\/2025\/01\/open-monument-dag.jpg\",\"contentUrl\":\"https:\/\/www.touristshopyerseke.nl\/wp-content\/uploads\/2025\/01\/open-monument-dag.jpg\",\"width\":768,\"height\":502},{\"@type\":\"BreadcrumbList\",\"@id\":\"https:\/\/www.touristshopyerseke.nl\/de\/agenda\/tag-des-offenen-denkmals\/#breadcrumb\",\"itemListElement\":[{\"@type\":\"ListItem\",\"position\":1,\"name\":\"Home\",\"item\":\"https:\/\/www.touristshopyerseke.nl\/de\/\"},{\"@type\":\"ListItem\",\"position\":2,\"name\":\"Veranstaltungen\",\"item\":\"https:\/\/www.touristshopyerseke.nl\/de\/agenda\/\"},{\"@type\":\"ListItem\",\"position\":3,\"name\":\"Tag des offenen Denkmals\"}]},{\"@type\":\"WebSite\",\"@id\":\"https:\/\/www.touristshopyerseke.nl\/de\/#website\",\"url\":\"https:\/\/www.touristshopyerseke.nl\/de\/\",\"name\":\"Tourist Shop Yerseke\",\"description\":\"\",\"potentialAction\":[{\"@type\":\"SearchAction\",\"target\":{\"@type\":\"EntryPoint\",\"urlTemplate\":\"https:\/\/www.touristshopyerseke.nl\/de\/?s={search_term_string}\"},\"query-input\":{\"@type\":\"PropertyValueSpecification\",\"valueRequired\":true,\"valueName\":\"search_term_string\"}}],\"inLanguage\":\"de\"}]}<\/script>\n<!-- \/ Yoast SEO plugin. -->","yoast_head_json":{"title":"Tag des offenen Denkmals - Tourist Shop Yerseke","description":"Am Samstag, den 13. September 2025, \u00f6ffnen zahlreiche Denkm\u00e4ler in Zeeland kostenlos ihre T\u00fcren f\u00fcr die \u00d6ffentlichkeit.","robots":{"index":"index","follow":"follow","max-snippet":"max-snippet:-1","max-image-preview":"max-image-preview:large","max-video-preview":"max-video-preview:-1"},"canonical":"https:\/\/www.touristshopyerseke.nl\/de\/agenda\/tag-des-offenen-denkmals\/","og_locale":"de_DE","og_type":"article","og_title":"Tag des offenen Denkmals - Tourist Shop Yerseke","og_description":"Am Samstag, den 13. September 2025, \u00f6ffnen zahlreiche Denkm\u00e4ler in Zeeland kostenlos ihre T\u00fcren f\u00fcr die \u00d6ffentlichkeit.","og_url":"https:\/\/www.touristshopyerseke.nl\/de\/agenda\/tag-des-offenen-denkmals\/","og_site_name":"Tourist Shop Yerseke","og_image":[{"width":768,"height":502,"url":"https:\/\/www.touristshopyerseke.nl\/wp-content\/uploads\/2025\/01\/open-monument-dag.jpg","type":"image\/jpeg"}],"twitter_card":"summary_large_image","schema":{"@context":"https:\/\/schema.org","@graph":[{"@type":"WebPage","@id":"https:\/\/www.touristshopyerseke.nl\/de\/agenda\/tag-des-offenen-denkmals\/","url":"https:\/\/www.touristshopyerseke.nl\/de\/agenda\/tag-des-offenen-denkmals\/","name":"Tag des offenen Denkmals - Tourist Shop Yerseke","isPartOf":{"@id":"https:\/\/www.touristshopyerseke.nl\/de\/#website"},"primaryImageOfPage":{"@id":"https:\/\/www.touristshopyerseke.nl\/de\/agenda\/tag-des-offenen-denkmals\/#primaryimage"},"image":{"@id":"https:\/\/www.touristshopyerseke.nl\/de\/agenda\/tag-des-offenen-denkmals\/#primaryimage"},"thumbnailUrl":"https:\/\/www.touristshopyerseke.nl\/wp-content\/uploads\/2025\/01\/open-monument-dag.jpg","datePublished":"2025-01-15T12:32:04+00:00","description":"Am Samstag, den 13. September 2025, \u00f6ffnen zahlreiche Denkm\u00e4ler in Zeeland kostenlos ihre T\u00fcren f\u00fcr die \u00d6ffentlichkeit.","breadcrumb":{"@id":"https:\/\/www.touristshopyerseke.nl\/de\/agenda\/tag-des-offenen-denkmals\/#breadcrumb"},"inLanguage":"de","potentialAction":[{"@type":"ReadAction","target":["https:\/\/www.touristshopyerseke.nl\/de\/agenda\/tag-des-offenen-denkmals\/"]}]},{"@type":"ImageObject","inLanguage":"de","@id":"https:\/\/www.touristshopyerseke.nl\/de\/agenda\/tag-des-offenen-denkmals\/#primaryimage","url":"https:\/\/www.touristshopyerseke.nl\/wp-content\/uploads\/2025\/01\/open-monument-dag.jpg","contentUrl":"https:\/\/www.touristshopyerseke.nl\/wp-content\/uploads\/2025\/01\/open-monument-dag.jpg","width":768,"height":502},{"@type":"BreadcrumbList","@id":"https:\/\/www.touristshopyerseke.nl\/de\/agenda\/tag-des-offenen-denkmals\/#breadcrumb","itemListElement":[{"@type":"ListItem","position":1,"name":"Home","item":"https:\/\/www.touristshopyerseke.nl\/de\/"},{"@type":"ListItem","position":2,"name":"Veranstaltungen","item":"https:\/\/www.touristshopyerseke.nl\/de\/agenda\/"},{"@type":"ListItem","position":3,"name":"Tag des offenen Denkmals"}]},{"@type":"WebSite","@id":"https:\/\/www.touristshopyerseke.nl\/de\/#website","url":"https:\/\/www.touristshopyerseke.nl\/de\/","name":"Tourist Shop Yerseke","description":"","potentialAction":[{"@type":"SearchAction","target":{"@type":"EntryPoint","urlTemplate":"https:\/\/www.touristshopyerseke.nl\/de\/?s={search_term_string}"},"query-input":{"@type":"PropertyValueSpecification","valueRequired":true,"valueName":"search_term_string"}}],"inLanguage":"de"}]}},"_links":{"self":[{"href":"https:\/\/www.touristshopyerseke.nl\/de\/wp-json\/wp\/v2\/mec-events\/124374","targetHints":{"allow":["GET"]}}],"collection":[{"href":"https:\/\/www.touristshopyerseke.nl\/de\/wp-json\/wp\/v2\/mec-events"}],"about":[{"href":"https:\/\/www.touristshopyerseke.nl\/de\/wp-json\/wp\/v2\/types\/mec-events"}],"author":[{"embeddable":true,"href":"https:\/\/www.touristshopyerseke.nl\/de\/wp-json\/wp\/v2\/users\/5"}],"replies":[{"embeddable":true,"href":"https:\/\/www.touristshopyerseke.nl\/de\/wp-json\/wp\/v2\/comments?post=124374"}],"wp:featuredmedia":[{"embeddable":true,"href":"https:\/\/www.touristshopyerseke.nl\/de\/wp-json\/wp\/v2\/media\/124373"}],"wp:attachment":[{"href":"https:\/\/www.touristshopyerseke.nl\/de\/wp-json\/wp\/v2\/media?parent=124374"}],"wp:term":[{"taxonomy":"post_tag","embeddable":true,"href":"https:\/\/www.touristshopyerseke.nl\/de\/wp-json\/wp\/v2\/tags?post=124374"},{"taxonomy":"mec_category","embeddable":true,"href":"https:\/\/www.touristshopyerseke.nl\/de\/wp-json\/wp\/v2\/mec_category?post=124374"}],"curies":[{"name":"wp","href":"https:\/\/api.w.org\/{rel}","templated":true}]}}

<p>Am Samstag, den 13. September 2025, öffnen zahlreiche Denkmäler in Zeeland kostenlos ihre Türen für die Öffentlichkeit. Mit mehr als 800 nationalen Denkmälern bietet die Provinz eine einzigartige Gelegenheit, historische Stätten zu erkunden, die normalerweise nicht zugänglich sind </p>

<p>Am Samstag, den 13. September 2025, öffnen zahlreiche Denkmäler in Zeeland kostenlos ihre Türen für die Öffentlichkeit. Mit mehr als 800 nationalen Denkmälern bietet die Provinz eine einzigartige Gelegenheit, historische Stätten zu erkunden, die normalerweise nicht zugänglich sind</p>

<!-- This site is optimized with the Yoast SEO plugin v27.2 - https://yoast.com/product/yoast-seo-wordpress/ -->
<title>Tag des offenen Denkmals - Tourist Shop Yerseke</title>
<meta name="description" content="Am Samstag, den 13. September 2025, öffnen zahlreiche Denkmäler in Zeeland kostenlos ihre Türen für die Öffentlichkeit." />
<meta name="robots" content="index, follow, max-snippet:-1, max-image-preview:large, max-video-preview:-1" />
<link rel="canonical" href="https://www.touristshopyerseke.nl/de/agenda/tag-des-offenen-denkmals/" />
<meta property="og:locale" content="de_DE" />
<meta property="og:type" content="article" />
<meta property="og:title" content="Tag des offenen Denkmals - Tourist Shop Yerseke" />
<meta property="og:description" content="Am Samstag, den 13. September 2025, öffnen zahlreiche Denkmäler in Zeeland kostenlos ihre Türen für die Öffentlichkeit." />
<meta property="og:url" content="https://www.touristshopyerseke.nl/de/agenda/tag-des-offenen-denkmals/" />
<meta property="og:site_name" content="Tourist Shop Yerseke" />
<meta property="og:image" content="https://www.touristshopyerseke.nl/wp-content/uploads/2025/01/open-monument-dag.jpg" />
	<meta property="og:image:width" content="768" />
	<meta property="og:image:height" content="502" />
	<meta property="og:image:type" content="image/jpeg" />
<meta name="twitter:card" content="summary_large_image" />
<script type="application/ld+json" class="yoast-schema-graph">{"@context":"https://schema.org","@graph":[{"@type":"WebPage","@id":"https://www.touristshopyerseke.nl/de/agenda/tag-des-offenen-denkmals/","url":"https://www.touristshopyerseke.nl/de/agenda/tag-des-offenen-denkmals/","name":"Tag des offenen Denkmals - Tourist Shop Yerseke","isPartOf":{"@id":"https://www.touristshopyerseke.nl/de/#website"},"primaryImageOfPage":{"@id":"https://www.touristshopyerseke.nl/de/agenda/tag-des-offenen-denkmals/#primaryimage"},"image":{"@id":"https://www.touristshopyerseke.nl/de/agenda/tag-des-offenen-denkmals/#primaryimage"},"thumbnailUrl":"https://www.touristshopyerseke.nl/wp-content/uploads/2025/01/open-monument-dag.jpg","datePublished":"2025-01-15T12:32:04+00:00","description":"Am Samstag, den 13. September 2025, öffnen zahlreiche Denkmäler in Zeeland kostenlos ihre Türen für die Öffentlichkeit.","breadcrumb":{"@id":"https://www.touristshopyerseke.nl/de/agenda/tag-des-offenen-denkmals/#breadcrumb"},"inLanguage":"de","potentialAction":[{"@type":"ReadAction","target":["https://www.touristshopyerseke.nl/de/agenda/tag-des-offenen-denkmals/"]}]},{"@type":"ImageObject","inLanguage":"de","@id":"https://www.touristshopyerseke.nl/de/agenda/tag-des-offenen-denkmals/#primaryimage","url":"https://www.touristshopyerseke.nl/wp-content/uploads/2025/01/open-monument-dag.jpg","contentUrl":"https://www.touristshopyerseke.nl/wp-content/uploads/2025/01/open-monument-dag.jpg","width":768,"height":502},{"@type":"BreadcrumbList","@id":"https://www.touristshopyerseke.nl/de/agenda/tag-des-offenen-denkmals/#breadcrumb","itemListElement":[{"@type":"ListItem","position":1,"name":"Home","item":"https://www.touristshopyerseke.nl/de/"},{"@type":"ListItem","position":2,"name":"Veranstaltungen","item":"https://www.touristshopyerseke.nl/de/agenda/"},{"@type":"ListItem","position":3,"name":"Tag des offenen Denkmals"}]},{"@type":"WebSite","@id":"https://www.touristshopyerseke.nl/de/#website","url":"https://www.touristshopyerseke.nl/de/","name":"Tourist Shop Yerseke","description":"","potentialAction":[{"@type":"SearchAction","target":{"@type":"EntryPoint","urlTemplate":"https://www.touristshopyerseke.nl/de/?s={search_term_string}"},"query-input":{"@type":"PropertyValueSpecification","valueRequired":true,"valueName":"search_term_string"}}],"inLanguage":"de"}]}</script>
<!-- / Yoast SEO plugin. -->

Am Samstag, den 13. September 2025, öffnen zahlreiche Denkmäler in Zeeland kostenlos ihre Türen für die Öffentlichkeit.
